==> /var/log/aodh/aodh-notifier.log <== ==> /var/log/ceilometer/ceilometer-agent-notification.log <== ==> /var/log/ceilometer/ceilometer-api.log <== ==> /var/log/ceilometer/ceilometer-collector.log <== ==> /var/log/cinder/cinder-api.log <== ==> /var/log/cinder/cinder-backup.log <== ==> /var/log/cinder/cinder-scheduler.log <== ==> /var/log/cinder/cinder-volume.log <== ==> /var/log/designate/designate-agent.log <== ==> /var/log/designate/designate-api.log <== ==> /var/log/designate/designate-central.log <== ==> /var/log/designate/designate-mdns.log <== ==> /var/log/designate/designate-pool-manager.log <== ==> /var/log/designate/designate-sink.log <== ==> /var/log/designate/designate-zone-manager.log <== ==> /var/log/glance/glance-api.log <== ==> /var/log/glance/glance-glare.log <== ==> /var/log/glance/glance-registry.log <== ==> /var/log/heat/heat-api.log <== ==> /var/log/heat/heat-engine.log <== ==> /var/log/ironic/ironic-api.log <== ==> /var/log/ironic/ironic-conductor.log <== ==> /var/log/magnum/magnum-api.log <== ==> /var/log/magnum/magnum-conductor.log <== ==> /var/log/manila/manila-api.log <== ==> /var/log/manila/manila-scheduler.log <== ==> /var/log/manila/manila-share.log <== ==> /var/log/mistral/mistral-api.log <== ==> /var/log/mistral/mistral-engine.log <== ==> /var/log/mistral/mistral-executor.log <== ==> /var/log/murano/murano-api.log <== ==> /var/log/murano/murano-engine.log <== ==> /var/log/neutron/neutron-dhcp-agent.log <== ==> /var/log/neutron/neutron-ns-metadata-proxy-ea1bc5ac-bfec-47b9-b4fa-ac37d561998a.log <== ==> /var/log/neutron/neutron-openvswitch-agent.log <== ==> /var/log/neutron/neutron-server.log <== ==> /var/log/nova/nova-api.log <== ==> /var/log/nova/nova-conductor.log <== ==> /var/log/nova/nova-manage.log <== ==> /var/log/nova/nova-scheduler.log <== ==> /var/log/openvswitch/ovs-ctl.log <== ==> /var/log/openvswitch/ovs-vswitchd.log <== ==> /var/log/openvswitch/ovsdb-server.log <== ==> /var/log/rabbitmq/rabbit@bladeA01b-sasl.log <== ==> /var/log/senlin/senlin-api.log <== ==> /var/log/senlin/senlin-engine.log <== ==> /var/log/zaqar/zaqar-server.log <== ==> /var/log/designate/designate-zone-manager.log <==
2016-06-16 23:27:49.421 27987 INFO designate.policy [req-5d3545de-1fbc-40f6-be97-698f3908de91 - - - - -] Policy check succeeded for rule 'all_tenants' on target {}
2016-06-16 23:27:49.422 27987 INFO designate.central.rpcapi [req-5d3545de-1fbc-40f6-be97-698f3908de91 - - - - -] find_zones: Calling central's find_zones. ==> /var/log/designate/designate-central.log <==
2016-06-16 23:27:49.428 27622 INFO designate.policy [req-5d3545de-1fbc-40f6-be97-698f3908de91 - - - - -] Policy check succeeded for rule 'all_tenants' on target {}
2016-06-16 23:27:49.429 27622 INFO designate.policy [req-5d3545de-1fbc-40f6-be97-698f3908de91 - - - - -] Policy check succeeded for rule 'find_zones' on target {'tenant_id': None} ==> /var/log/designate/designate-pool-manager.log <==
2016-06-16 23:27:50.996 27773 INFO designate.central.rpcapi [req-b124337a-b318-468c-a79b-47cfdc823fd4 - - - - -] get_pool: Calling central's get_pool. ==> /var/log/designate/designate-central.log <==
2016-06-16 23:27:51.004 27622 INFO designate.policy [req-b124337a-b318-468c-a79b-47cfdc823fd4 - - - - -] Policy check succeeded for rule 'get_pool' on target {} ==> /var/log/designate/designate-pool-manager.log <==
2016-06-16 23:27:51.034 27773 ERROR designate.pool_manager.service [req-b124337a-b318-468c-a79b-47cfdc823fd4 - - - - -] No targets for found. ==> /var/log/glance/glance-registry.log <==
2016-06-16 23:27:51.241 3519 WARNING keystonemiddleware.auth_token [-] Using the in-process token cache is deprecated as of the 4.2.0 release and may be removed in the 5.0.0 release or the 'O' development cycle. The in-process cache causes inconsistent results and high memory usage. When the feature is removed the auth_token middleware will not cache tokens by default which may result in performance issues. It is recommended to use memcache for the auth_token token cache by setting the memcached_servers option.
2016-06-16 23:27:51.874 3519 INFO eventlet.wsgi.server [req-39def091-2e83-4554-8855-bba814c2bf69 067a3363c5984f81a7cfa2eda5d1ebf3 d524c8dfd9e9449798ebac9b025f8de6 - - -] 127.0.0.1 - - [16/Jun/2016 23:27:51] "GET /images/8c15b5e8-9a67-4784-ad7a-0b1cc7b0bdec HTTP/1.1" 200 965 0.634020 ==> /var/log/glance/glance-api.log <==
2016-06-16 23:27:51.877 3618 INFO eventlet.wsgi.server [req-39def091-2e83-4554-8855-bba814c2bf69 067a3363c5984f81a7cfa2eda5d1ebf3 d524c8dfd9e9449798ebac9b025f8de6 - - -] 10.0.4.1 - - [16/Jun/2016 23:27:51] "HEAD /v1/images/8c15b5e8-9a67-4784-ad7a-0b1cc7b0bdec HTTP/1.1" 200 908 0.867579 ==> /var/log/neutron/neutron-server.log <==
2016-06-16 23:27:52.139 3927 INFO neutron.wsgi [req-318c5922-074f-4ec7-8776-33d1335cff56 067a3363c5984f81a7cfa2eda5d1ebf3 d524c8dfd9e9449798ebac9b025f8de6 - - -] 10.0.4.1 - - [16/Jun/2016 23:27:52] "GET /v2.0/security-groups.json?fields=id&id=0adaf41f-cf98-48c0-8dba-bf31daabb1ae HTTP/1.1" 200 267 0.254058
2016-06-16 23:27:52.191 3927 INFO neutron.wsgi [req-69bf8d07-0d5c-4336-add4-ed3557dd5022 067a3363c5984f81a7cfa2eda5d1ebf3 d524c8dfd9e9449798ebac9b025f8de6 - - -] 10.0.4.1 - - [16/Jun/2016 23:27:52] "GET /v2.0/security-groups/0adaf41f-cf98-48c0-8dba-bf31daabb1ae.json HTTP/1.1" 200 1823 0.038122
2016-06-16 23:27:52.274 3927 INFO neutron.wsgi [req-576dd808-e531-42c2-a3ec-977393da94b2 067a3363c5984f81a7cfa2eda5d1ebf3 d524c8dfd9e9449798ebac9b025f8de6 - - -] 10.0.4.1 - - [16/Jun/2016 23:27:52] "GET /v2.0/networks.json?id=ea1bc5ac-bfec-47b9-b4fa-ac37d561998a HTTP/1.1" 200 806 0.079096
2016-06-16 23:27:52.286 3927 INFO neutron.wsgi [req-fa9eb6e8-733e-44fd-812f-e10745ad74e6 067a3363c5984f81a7cfa2eda5d1ebf3 d524c8dfd9e9449798ebac9b025f8de6 - - -] 10.0.4.1 - - [16/Jun/2016 23:27:52] "GET /v2.0/quotas/d524c8dfd9e9449798ebac9b025f8de6.json HTTP/1.1" 200 370 0.009059
2016-06-16 23:27:52.331 3927 INFO neutron.wsgi [req-f72d4840-7401-43a2-aa40-5f1fb4fd23a4 067a3363c5984f81a7cfa2eda5d1ebf3 d524c8dfd9e9449798ebac9b025f8de6 - - -] 10.0.4.1 - - [16/Jun/2016 23:27:52] "GET /v2.0/ports.json?fields=id&tenant_id=d524c8dfd9e9449798ebac9b025f8de6 HTTP/1.1" 200 306 0.042406 ==> /var/log/glance/glance-registry.log <==
2016-06-16 23:27:53.131 3500 WARNING keystonemiddleware.auth_token [-] Using the in-process token cache is deprecated as of the 4.2.0 release and may be removed in the 5.0.0 release or the 'O' development cycle. The in-process cache causes inconsistent results and high memory usage. When the feature is removed the auth_token middleware will not cache tokens by default which may result in performance issues. It is recommended to use memcache for the auth_token token cache by setting the memcached_servers option.
2016-06-16 23:27:53.722 3500 INFO eventlet.wsgi.server [req-c325b4fa-f947-4b1d-a1f6-c4d67e5c9455 067a3363c5984f81a7cfa2eda5d1ebf3 d524c8dfd9e9449798ebac9b025f8de6 - - -] 127.0.0.1 - - [16/Jun/2016 23:27:53] "GET /images/8c15b5e8-9a67-4784-ad7a-0b1cc7b0bdec HTTP/1.1" 200 965 0.593142 ==> /var/log/glance/glance-api.log <==
2016-06-16 23:27:53.725 3622 INFO eventlet.wsgi.server [req-c325b4fa-f947-4b1d-a1f6-c4d67e5c9455 067a3363c5984f81a7cfa2eda5d1ebf3 d524c8dfd9e9449798ebac9b025f8de6 - - -] 10.0.4.1 - - [16/Jun/2016 23:27:53] "HEAD /v1/images/8c15b5e8-9a67-4784-ad7a-0b1cc7b0bdec HTTP/1.1" 200 908 0.813154 ==> /var/log/nova/nova-api.log <==
2016-06-16 23:27:53.963 3991 INFO nova.osapi_compute.wsgi.server [req-1fd09475-e5af-471d-a74a-cc2e1b8b1dbb 067a3363c5984f81a7cfa2eda5d1ebf3 d524c8dfd9e9449798ebac9b025f8de6 - - -] 10.0.4.1 "POST /v2/d524c8dfd9e9449798ebac9b025f8de6/os-volumes_boot HTTP/1.1" status: 202 len: 775 time: 3.2145360 ==> /var/log/nova/nova-conductor.log <==
2016-06-16 23:27:54.191 3830 WARNING oslo_config.cfg [req-1fd09475-e5af-471d-a74a-cc2e1b8b1dbb 067a3363c5984f81a7cfa2eda5d1ebf3 d524c8dfd9e9449798ebac9b025f8de6 - - -] Option "memcached_servers" from group "DEFAULT" is deprecated for removal. Its value may be silently ignored in the future. ==> /var/log/neutron/neutron-server.log <==
2016-06-16 23:27:54.293 3925 INFO neutron.wsgi [req-762f7286-65b3-4851-bf4f-827f52c7d04b 067a3363c5984f81a7cfa2eda5d1ebf3 d524c8dfd9e9449798ebac9b025f8de6 - - -] 10.0.4.1 - - [16/Jun/2016 23:27:54] "GET /v2.0/ports.json?device_id=5193c2d9-0aaf-4f84-b108-f6884d97b571 HTTP/1.1" 200 211 0.040242 ==> /var/log/nova/nova-api.log <==
2016-06-16 23:27:54.296 3982 INFO nova.osapi_compute.wsgi.server [req-21b7fa57-4280-457b-8198-c3d9c11e469d 067a3363c5984f81a7cfa2eda5d1ebf3 d524c8dfd9e9449798ebac9b025f8de6 - - -] 10.0.4.1 "GET /v2/d524c8dfd9e9449798ebac9b025f8de6/servers/5193c2d9-0aaf-4f84-b108-f6884d97b571 HTTP/1.1" status: 200 len: 1512 time: 0.3268270 ==> /var/log/designate/designate-zone-manager.log <==
2016-06-16 23:27:54.425 27987 INFO designate.policy [req-3fe532bd-9e77-488a-a1bb-6b4b274ab572 - - - - -] Policy check succeeded for rule 'all_tenants' on target {}
2016-06-16 23:27:54.426 27987 INFO designate.central.rpcapi [req-3fe532bd-9e77-488a-a1bb-6b4b274ab572 - - - - -] find_zones: Calling central's find_zones. ==> /var/log/designate/designate-central.log <==
2016-06-16 23:27:54.434 27622 INFO designate.policy [req-3fe532bd-9e77-488a-a1bb-6b4b274ab572 - - - - -] Policy check succeeded for rule 'all_tenants' on target {}
2016-06-16 23:27:54.435 27622 INFO designate.policy [req-3fe532bd-9e77-488a-a1bb-6b4b274ab572 - - - - -] Policy check succeeded for rule 'find_zones' on target {'tenant_id': None} ==> /var/log/neutron/neutron-server.log <==
2016-06-16 23:27:54.645 3918 INFO neutron.wsgi [req-0f05ea64-7331-42dc-ba9b-16fef2e86a75 067a3363c5984f81a7cfa2eda5d1ebf3 d524c8dfd9e9449798ebac9b025f8de6 - - -] 10.0.4.1 - - [16/Jun/2016 23:27:54] "GET /v2.0/ports.json?device_id=5193c2d9-0aaf-4f84-b108-f6884d97b571 HTTP/1.1" 200 211 0.052404 ==> /var/log/nova/nova-api.log <==
2016-06-16 23:27:54.659 3975 INFO nova.osapi_compute.wsgi.server [req-f332d776-9ce7-47bd-b648-b18348304dab 067a3363c5984f81a7cfa2eda5d1ebf3 d524c8dfd9e9449798ebac9b025f8de6 - - -] 10.0.4.1 "GET /v2/d524c8dfd9e9449798ebac9b025f8de6/servers/detail?limit=21&project_id=d524c8dfd9e9449798ebac9b025f8de6 HTTP/1.1" status: 200 len: 1507 time: 0.2009621 ==> /var/log/neutron/neutron-server.log <==
2016-06-16 23:27:54.709 3917 INFO neutron.wsgi [req-5120dcd4-6787-4ba8-81a8-d2cb6b10de85 067a3363c5984f81a7cfa2eda5d1ebf3 d524c8dfd9e9449798ebac9b025f8de6 - - -] 10.0.4.1 - - [16/Jun/2016 23:27:54] "GET /v2.0/ports.json?device_id=5193c2d9-0aaf-4f84-b108-f6884d97b571 HTTP/1.1" 200 211 0.043640
2016-06-16 23:27:54.951 3928 INFO neutron.wsgi [req-7af0a0e7-8fca-45c7-babc-564c59a578e4 067a3363c5984f81a7cfa2eda5d1ebf3 d524c8dfd9e9449798ebac9b025f8de6 - - -] 10.0.4.1 - - [16/Jun/2016 23:27:54] "GET /v2.0/floatingips.json?tenant_id=d524c8dfd9e9449798ebac9b025f8de6 HTTP/1.1" 200 217 0.237353
2016-06-16 23:27:55.007 3928 INFO neutron.wsgi [req-b3973783-dcc2-4297-b251-62599b32a5e2 067a3363c5984f81a7cfa2eda5d1ebf3 d524c8dfd9e9449798ebac9b025f8de6 - - -] 10.0.4.1 - - [16/Jun/2016 23:27:55] "GET /v2.0/ports.json?tenant_id=d524c8dfd9e9449798ebac9b025f8de6 HTTP/1.1" 200 1855 0.050493 ==> /var/log/cinder/cinder-api.log <==
2016-06-16 23:27:55.274 3969 WARNING keystonemiddleware.auth_token [-] Using the in-process token cache is deprecated as of the 4.2.0 release and may be removed in the 5.0.0 release or the 'O' development cycle. The in-process cache causes inconsistent results and high memory usage. When the feature is removed the auth_token middleware will not cache tokens by default which may result in performance issues. It is recommended to use memcache for the auth_token token cache by setting the memcached_servers option. ==> /var/log/neutron/neutron-server.log <==
2016-06-16 23:27:55.315 3916 INFO neutron.wsgi [req-cd820f8b-9350-407b-a573-45624784b9f5 067a3363c5984f81a7cfa2eda5d1ebf3 d524c8dfd9e9449798ebac9b025f8de6 - - -] 10.0.4.1 - - [16/Jun/2016 23:27:55] "GET /v2.0/networks.json HTTP/1.1" 200 1429 0.302140
2016-06-16 23:27:55.392 3917 INFO neutron.wsgi [req-f6616aa0-b2a3-4c61-8bd6-23d9dd716938 067a3363c5984f81a7cfa2eda5d1ebf3 d524c8dfd9e9449798ebac9b025f8de6 - - -] 10.0.4.1 - - [16/Jun/2016 23:27:55] "GET /v2.0/subnets.json HTTP/1.1" 200 1362 0.072201 ==> /var/log/nova/nova-api.log <==
2016-06-16 23:27:55.446 3975 INFO nova.osapi_compute.wsgi.server [req-a843d125-cb7f-4760-b210-c6c3638a59b9 067a3363c5984f81a7cfa2eda5d1ebf3 d524c8dfd9e9449798ebac9b025f8de6 - - -] 10.0.4.1 "GET /v2/d524c8dfd9e9449798ebac9b025f8de6/flavors/detail HTTP/1.1" status: 200 len: 10969 time: 0.0481870 ==> /var/log/glance/glance-api.log <==
2016-06-16 23:27:55.460 3609 WARNING keystonemiddleware.auth_token [-] Using the in-process token cache is deprecated as of the 4.2.0 release and may be removed in the 5.0.0 release or the 'O' development cycle. The in-process cache causes inconsistent results and high memory usage. When the feature is removed the auth_token middleware will not cache tokens by default which may result in performance issues. It is recommended to use memcache for the auth_token token cache by setting the memcached_servers option. ==> /var/log/glance/glance-registry.log <==
2016-06-16 23:27:55.945 3506 WARNING keystonemiddleware.auth_token [-] Using the in-process token cache is deprecated as of the 4.2.0 release and may be removed in the 5.0.0 release or the 'O' development cycle. The in-process cache causes inconsistent results and high memory usage. When the feature is removed the auth_token middleware will not cache tokens by default which may result in performance issues. It is recommended to use memcache for the auth_token token cache by setting the memcached_servers option. ==> /var/log/designate/designate-pool-manager.log <==
2016-06-16 23:27:56.035 27773 INFO designate.central.rpcapi [req-b124337a-b318-468c-a79b-47cfdc823fd4 - - - - -] get_pool: Calling central's get_pool. ==> /var/log/designate/designate-central.log <==
2016-06-16 23:27:56.044 27622 INFO designate.policy [req-b124337a-b318-468c-a79b-47cfdc823fd4 - - - - -] Policy check succeeded for rule 'get_pool' on target {} ==> /var/log/designate/designate-pool-manager.log <==
2016-06-16 23:27:56.078 27773 ERROR designate.pool_manager.service [req-b124337a-b318-468c-a79b-47cfdc823fd4 - - - - -] No targets for found. ==> /var/log/cinder/cinder-api.log <==
2016-06-16 23:27:56.233 3969 INFO cinder.api.openstack.wsgi [req-1e86feb0-65a3-4b9e-9b3b-17f43e376d04 067a3363c5984f81a7cfa2eda5d1ebf3 d524c8dfd9e9449798ebac9b025f8de6 - - -] POST http://10.0.4.1:8776/v2/d524c8dfd9e9449798ebac9b025f8de6/volumes
2016-06-16 23:27:56.235 3969 INFO cinder.api.v2.volumes [req-1e86feb0-65a3-4b9e-9b3b-17f43e376d04 067a3363c5984f81a7cfa2eda5d1ebf3 d524c8dfd9e9449798ebac9b025f8de6 - - -] Create volume of 5 GB ==> /var/log/glance/glance-registry.log <==
2016-06-16 23:27:56.614 3506 INFO eventlet.wsgi.server [req-216e8a0e-4704-48e3-a597-bbd9c19c511a 067a3363c5984f81a7cfa2eda5d1ebf3 d524c8dfd9e9449798ebac9b025f8de6 - - -] 127.0.0.1 - - [16/Jun/2016 23:27:56] "GET /images/detail?sort_key=created_at&sort_dir=desc&limit=1000 HTTP/1.1" 200 13192 0.670582 ==> /var/log/glance/glance-api.log <==
2016-06-16 23:27:56.618 3609 INFO eventlet.wsgi.server [req-216e8a0e-4704-48e3-a597-bbd9c19c511a 067a3363c5984f81a7cfa2eda5d1ebf3 d524c8dfd9e9449798ebac9b025f8de6 - - -] 10.0.4.1 - - [16/Jun/2016 23:27:56] "GET /v1/images/detail?sort_key=created_at&sort_dir=desc&limit=1000 HTTP/1.1" 200 9382 1.160398 ==> /var/log/glance/glance-registry.log <==
2016-06-16 23:27:56.730 3524 INFO eventlet.wsgi.server [req-61c379ed-518a-45ad-8841-4857557b0249 067a3363c5984f81a7cfa2eda5d1ebf3 d524c8dfd9e9449798ebac9b025f8de6 - - -] 127.0.0.1 - - [16/Jun/2016 23:27:56] "GET /images/8c15b5e8-9a67-4784-ad7a-0b1cc7b0bdec HTTP/1.1" 200 965 0.236100 ==> /var/log/glance/glance-api.log <==
2016-06-16 23:27:56.732 3617 INFO eventlet.wsgi.server [req-61c379ed-518a-45ad-8841-4857557b0249 067a3363c5984f81a7cfa2eda5d1ebf3 d524c8dfd9e9449798ebac9b025f8de6 - - -] 10.0.4.1 - - [16/Jun/2016 23:27:56] "HEAD /v1/images/8c15b5e8-9a67-4784-ad7a-0b1cc7b0bdec HTTP/1.1" 200 908 0.471497 ==> /var/log/glance/glance-registry.log <==
2016-06-16 23:27:56.766 3500 INFO eventlet.wsgi.server [req-fff99ae0-b9c5-444d-bcfb-0f962c548099 067a3363c5984f81a7cfa2eda5d1ebf3 d524c8dfd9e9449798ebac9b025f8de6 - - -] 127.0.0.1 - - [16/Jun/2016 23:27:56] "GET /images/8c15b5e8-9a67-4784-ad7a-0b1cc7b0bdec HTTP/1.1" 200 965 0.023061 ==> /var/log/glance/glance-api.log <==
2016-06-16 23:27:56.768 3617 INFO eventlet.wsgi.server [req-fff99ae0-b9c5-444d-bcfb-0f962c548099 067a3363c5984f81a7cfa2eda5d1ebf3 d524c8dfd9e9449798ebac9b025f8de6 - - -] 10.0.4.1 - - [16/Jun/2016 23:27:56] "HEAD /v1/images/8c15b5e8-9a67-4784-ad7a-0b1cc7b0bdec HTTP/1.1" 200 908 0.031608 ==> /var/log/cinder/cinder-api.log <==
2016-06-16 23:27:56.784 3969 INFO cinder.volume.api [req-1e86feb0-65a3-4b9e-9b3b-17f43e376d04 067a3363c5984f81a7cfa2eda5d1ebf3 d524c8dfd9e9449798ebac9b025f8de6 - - -] Availability Zones retrieved successfully. ==> /var/log/glance/glance-registry.log <==
2016-06-16 23:27:56.879 3524 INFO eventlet.wsgi.server [req-c85096ca-44a4-4e0d-ba0c-72227f737773 067a3363c5984f81a7cfa2eda5d1ebf3 d524c8dfd9e9449798ebac9b025f8de6 - - -] 127.0.0.1 - - [16/Jun/2016 23:27:56] "GET /images/8c15b5e8-9a67-4784-ad7a-0b1cc7b0bdec HTTP/1.1" 200 965 0.020807 ==> /var/log/glance/glance-api.log <==
2016-06-16 23:27:56.882 3622 INFO eventlet.wsgi.server [req-c85096ca-44a4-4e0d-ba0c-72227f737773 067a3363c5984f81a7cfa2eda5d1ebf3 d524c8dfd9e9449798ebac9b025f8de6 - - -] 10.0.4.1 - - [16/Jun/2016 23:27:56] "HEAD /v1/images/8c15b5e8-9a67-4784-ad7a-0b1cc7b0bdec HTTP/1.1" 200 908 0.028791 ==> /var/log/glance/glance-registry.log <==
2016-06-16 23:27:56.893 3530 WARNING keystonemiddleware.auth_token [-] Using the in-process token cache is deprecated as of the 4.2.0 release and may be removed in the 5.0.0 release or the 'O' development cycle. The in-process cache causes inconsistent results and high memory usage. When the feature is removed the auth_token middleware will not cache tokens by default which may result in performance issues. It is recommended to use memcache for the auth_token token cache by setting the memcached_servers option. ==> /var/log/neutron/neutron-server.log <==
2016-06-16 23:27:57.183 3923 INFO neutron.wsgi [req-24c41c2e-5695-4245-aaa5-8ee49474c538 067a3363c5984f81a7cfa2eda5d1ebf3 d524c8dfd9e9449798ebac9b025f8de6 - - -] 10.0.4.1 - - [16/Jun/2016 23:27:57] "GET /v2.0/extensions.json HTTP/1.1" 200 5995 0.203280 ==> /var/log/nova/nova-api.log <==
2016-06-16 23:27:57.269 4001 INFO nova.osapi_compute.wsgi.server [req-4d5a07ed-2dce-4429-a3d0-c54a16e9aec0 067a3363c5984f81a7cfa2eda5d1ebf3 d524c8dfd9e9449798ebac9b025f8de6 - - -] 10.0.4.1 "GET /v2/d524c8dfd9e9449798ebac9b025f8de6/extensions HTTP/1.1" status: 200 len: 21880 time: 0.0780671
2016-06-16 23:27:57.352 3977 INFO nova.osapi_compute.wsgi.server [req-4399d4f2-d8d0-480b-a117-7871c780800d 067a3363c5984f81a7cfa2eda5d1ebf3 d524c8dfd9e9449798ebac9b025f8de6 - - -] 10.0.4.1 "GET /v2/d524c8dfd9e9449798ebac9b025f8de6/limits?reserved=1 HTTP/1.1" status: 200 len: 711 time: 0.0387099
2016-06-16 23:27:57.418 3978 INFO nova.osapi_compute.wsgi.server [req-2280ea74-f78f-434e-b23c-649ef72d4cb7 067a3363c5984f81a7cfa2eda5d1ebf3 d524c8dfd9e9449798ebac9b025f8de6 - - -] 10.0.4.1 "GET /v2/d524c8dfd9e9449798ebac9b025f8de6/limits?reserved=1 HTTP/1.1" status: 200 len: 711 time: 0.0332811 ==> /var/log/glance/glance-registry.log <==
2016-06-16 23:27:57.556 3530 INFO eventlet.wsgi.server [req-79e6add9-c52f-45fd-a152-df11dda83b08 067a3363c5984f81a7cfa2eda5d1ebf3 d524c8dfd9e9449798ebac9b025f8de6 - - -] 127.0.0.1 - - [16/Jun/2016 23:27:57] "GET /images/8c15b5e8-9a67-4784-ad7a-0b1cc7b0bdec HTTP/1.1" 200 965 0.664079 ==> /var/log/glance/glance-api.log <==
2016-06-16 23:27:57.559 3622 INFO eventlet.wsgi.server [req-79e6add9-c52f-45fd-a152-df11dda83b08 067a3363c5984f81a7cfa2eda5d1ebf3 d524c8dfd9e9449798ebac9b025f8de6 - - -] 10.0.4.1 - - [16/Jun/2016 23:27:57] "HEAD /v1/images/8c15b5e8-9a67-4784-ad7a-0b1cc7b0bdec HTTP/1.1" 200 908 0.672767 ==> /var/log/glance/glance-registry.log <==
2016-06-16 23:27:57.592 3506 INFO eventlet.wsgi.server [req-f663d88e-74cd-485b-a43c-65fc27d23a26 067a3363c5984f81a7cfa2eda5d1ebf3 d524c8dfd9e9449798ebac9b025f8de6 - - -] 127.0.0.1 - - [16/Jun/2016 23:27:57] "GET /images/8c15b5e8-9a67-4784-ad7a-0b1cc7b0bdec HTTP/1.1" 200 965 0.021055 ==> /var/log/glance/glance-api.log <==
2016-06-16 23:27:57.595 3609 INFO eventlet.wsgi.server [req-f663d88e-74cd-485b-a43c-65fc27d23a26 067a3363c5984f81a7cfa2eda5d1ebf3 d524c8dfd9e9449798ebac9b025f8de6 - - -] 10.0.4.1 - - [16/Jun/2016 23:27:57] "HEAD /v1/images/8c15b5e8-9a67-4784-ad7a-0b1cc7b0bdec HTTP/1.1" 200 908 0.029473 ==> /var/log/glance/glance-registry.log <==
2016-06-16 23:27:57.837 3529 INFO eventlet.wsgi.server [req-2557db8b-39d5-4a8b-94a9-ca9948b61fc8 067a3363c5984f81a7cfa2eda5d1ebf3 d524c8dfd9e9449798ebac9b025f8de6 - - -] 127.0.0.1 - - [16/Jun/2016 23:27:57] "GET /images/8c15b5e8-9a67-4784-ad7a-0b1cc7b0bdec HTTP/1.1" 200 965 0.232361 ==> /var/log/glance/glance-api.log <==
2016-06-16 23:27:57.840 3609 INFO eventlet.wsgi.server [req-2557db8b-39d5-4a8b-94a9-ca9948b61fc8 067a3363c5984f81a7cfa2eda5d1ebf3 d524c8dfd9e9449798ebac9b025f8de6 - - -] 10.0.4.1 - - [16/Jun/2016 23:27:57] "HEAD /v1/images/8c15b5e8-9a67-4784-ad7a-0b1cc7b0bdec HTTP/1.1" 200 908 0.240788 ==> /var/log/neutron/neutron-server.log <==
2016-06-16 23:27:58.157 3919 INFO neutron.wsgi [req-ec4c113c-f777-4400-b04b-51366a55c2d4 067a3363c5984f81a7cfa2eda5d1ebf3 d524c8dfd9e9449798ebac9b025f8de6 - - -] 10.0.4.1 - - [16/Jun/2016 23:27:58] "GET /v2.0/ports.json?device_id=5193c2d9-0aaf-4f84-b108-f6884d97b571 HTTP/1.1" 200 211 0.090355 ==> /var/log/nova/nova-api.log <==
2016-06-16 23:27:58.160 3999 INFO nova.osapi_compute.wsgi.server [req-858da89c-230e-4d70-bdc5-75d9c4e301c5 067a3363c5984f81a7cfa2eda5d1ebf3 d524c8dfd9e9449798ebac9b025f8de6 - - -] 10.0.4.1 "GET /v2/d524c8dfd9e9449798ebac9b025f8de6/servers/5193c2d9-0aaf-4f84-b108-f6884d97b571 HTTP/1.1" status: 200 len: 1592 time: 0.2447579
2016-06-16 23:27:58.198 3999 INFO nova.osapi_compute.wsgi.server [req-618777e2-4fdb-4e4d-938e-f11aae71a2fe 067a3363c5984f81a7cfa2eda5d1ebf3 d524c8dfd9e9449798ebac9b025f8de6 - - -] 10.0.4.1 "GET /v2/d524c8dfd9e9449798ebac9b025f8de6/flavors/9a489b6c-885e-453c-a6f0-35d8067e6108 HTTP/1.1" status: 200 len: 718 time: 0.0321529 ==> /var/log/neutron/neutron-server.log <==
2016-06-16 23:27:58.247 3915 INFO neutron.wsgi [req-044f2680-a66f-4ddc-899e-ceca33e8ccfc 067a3363c5984f81a7cfa2eda5d1ebf3 d524c8dfd9e9449798ebac9b025f8de6 - - -] 10.0.4.1 - - [16/Jun/2016 23:27:58] "GET /v2.0/ports.json?device_id=5193c2d9-0aaf-4f84-b108-f6884d97b571 HTTP/1.1" 200 211 0.040214
2016-06-16 23:27:58.275 3916 INFO neutron.wsgi [req-61bcdb0a-6850-4e92-8d45-e5f989f42bc5 067a3363c5984f81a7cfa2eda5d1ebf3 d524c8dfd9e9449798ebac9b025f8de6 - - -] 10.0.4.1 - - [16/Jun/2016 23:27:58] "GET /v2.0/floatingips.json?tenant_id=d524c8dfd9e9449798ebac9b025f8de6 HTTP/1.1" 200 217 0.023208
2016-06-16 23:27:58.326 3916 INFO neutron.wsgi [req-4a5ef92d-ddf8-464c-bb3f-bf3c6a36e108 067a3363c5984f81a7cfa2eda5d1ebf3 d524c8dfd9e9449798ebac9b025f8de6 - - -] 10.0.4.1 - - [16/Jun/2016 23:27:58] "GET /v2.0/ports.json?tenant_id=d524c8dfd9e9449798ebac9b025f8de6 HTTP/1.1" 200 1855 0.045924 ==> /var/log/cinder/cinder-api.log <==
2016-06-16 23:27:58.472 3969 INFO cinder.volume.api [req-1e86feb0-65a3-4b9e-9b3b-17f43e376d04 067a3363c5984f81a7cfa2eda5d1ebf3 d524c8dfd9e9449798ebac9b025f8de6 - - -] Volume created successfully.
2016-06-16 23:27:58.474 3969 INFO cinder.api.openstack.wsgi [req-1e86feb0-65a3-4b9e-9b3b-17f43e376d04 067a3363c5984f81a7cfa2eda5d1ebf3 d524c8dfd9e9449798ebac9b025f8de6 - - -] http://10.0.4.1:8776/v2/d524c8dfd9e9449798ebac9b025f8de6/volumes returned with HTTP 202
2016-06-16 23:27:58.476 3969 INFO eventlet.wsgi.server [req-1e86feb0-65a3-4b9e-9b3b-17f43e376d04 067a3363c5984f81a7cfa2eda5d1ebf3 d524c8dfd9e9449798ebac9b025f8de6 - - -] 10.0.4.5 "POST /v2/d524c8dfd9e9449798ebac9b025f8de6/volumes HTTP/1.1" status: 202 len: 1054 time: 3.2037230
2016-06-16 23:27:58.483 3969 INFO cinder.api.openstack.wsgi [req-d804a7c4-df6a-4164-8e08-db41cae5eb06 067a3363c5984f81a7cfa2eda5d1ebf3 d524c8dfd9e9449798ebac9b025f8de6 - - -] GET http://10.0.4.1:8776/v2/d524c8dfd9e9449798ebac9b025f8de6/volumes/6b1dace4-78e1-452b-a455-c0fc882374f3 ==> /var/log/neutron/neutron-server.log <==
2016-06-16 23:27:58.628 3913 INFO neutron.wsgi [req-0b5eb16b-3f5d-4a90-9b27-17e7904ba232 067a3363c5984f81a7cfa2eda5d1ebf3 d524c8dfd9e9449798ebac9b025f8de6 - - -] 10.0.4.1 - - [16/Jun/2016 23:27:58] "GET /v2.0/networks.json HTTP/1.1" 200 1429 0.296404
2016-06-16 23:27:58.709 3913 INFO neutron.wsgi [req-6bd89ed5-f894-4d0f-a25b-cf2aed96c15a 067a3363c5984f81a7cfa2eda5d1ebf3 d524c8dfd9e9449798ebac9b025f8de6 - - -] 10.0.4.1 - - [16/Jun/2016 23:27:58] "GET /v2.0/subnets.json HTTP/1.1" 200 1362 0.075179 ==> /var/log/cinder/cinder-api.log <==
2016-06-16 23:27:58.718 3969 INFO cinder.volume.api [req-d804a7c4-df6a-4164-8e08-db41cae5eb06 067a3363c5984f81a7cfa2eda5d1ebf3 d524c8dfd9e9449798ebac9b025f8de6 - - -] Volume info retrieved successfully. ==> /var/log/neutron/neutron-server.log <==
2016-06-16 23:27:58.724 3913 INFO neutron.wsgi [req-9ea835d1-7f32-416d-b322-7ca9d67d9f04 067a3363c5984f81a7cfa2eda5d1ebf3 d524c8dfd9e9449798ebac9b025f8de6 - - -] 10.0.4.1 - - [16/Jun/2016 23:27:58] "GET /v2.0/extensions.json HTTP/1.1" 200 5995 0.004384 ==> /var/log/cinder/cinder-api.log <==
2016-06-16 23:27:58.726 3969 INFO cinder.api.openstack.wsgi [req-d804a7c4-df6a-4164-8e08-db41cae5eb06 067a3363c5984f81a7cfa2eda5d1ebf3 d524c8dfd9e9449798ebac9b025f8de6 - - -] http://10.0.4.1:8776/v2/d524c8dfd9e9449798ebac9b025f8de6/volumes/6b1dace4-78e1-452b-a455-c0fc882374f3 returned with HTTP 200
2016-06-16 23:27:58.728 3969 INFO eventlet.wsgi.server [req-d804a7c4-df6a-4164-8e08-db41cae5eb06 067a3363c5984f81a7cfa2eda5d1ebf3 d524c8dfd9e9449798ebac9b025f8de6 - - -] 10.0.4.5 "GET /v2/d524c8dfd9e9449798ebac9b025f8de6/volumes/6b1dace4-78e1-452b-a455-c0fc882374f3 HTTP/1.1" status: 200 len: 1227 time: 0.2487979
2016-06-16 23:27:58.735 3969 INFO cinder.api.openstack.wsgi [req-339c809b-2875-4350-8258-40d9c1424213 067a3363c5984f81a7cfa2eda5d1ebf3 d524c8dfd9e9449798ebac9b025f8de6 - - -] GET http://10.0.4.1:8776/v2/d524c8dfd9e9449798ebac9b025f8de6/volumes/6b1dace4-78e1-452b-a455-c0fc882374f3 ==> /var/log/nova/nova-api.log <==
2016-06-16 23:27:58.801 3996 INFO nova.osapi_compute.wsgi.server [req-c92b6f28-f540-44a6-852f-73c8d0be1ba0 067a3363c5984f81a7cfa2eda5d1ebf3 d524c8dfd9e9449798ebac9b025f8de6 - - -] 10.0.4.1 "GET /v2/d524c8dfd9e9449798ebac9b025f8de6/extensions HTTP/1.1" status: 200 len: 21880 time: 0.0673590 ==> /var/log/glance/glance-registry.log <==
2016-06-16 23:27:58.817 3530 INFO eventlet.wsgi.server [req-3f7ea114-8b34-420c-96bb-82fac9e1920f 067a3363c5984f81a7cfa2eda5d1ebf3 d524c8dfd9e9449798ebac9b025f8de6 - - -] 127.0.0.1 - - [16/Jun/2016 23:27:58] "GET /images/8c15b5e8-9a67-4784-ad7a-0b1cc7b0bdec HTTP/1.1" 200 965 0.022131 ==> /var/log/glance/glance-api.log <==
2016-06-16 23:27:58.820 3619 INFO eventlet.wsgi.server [req-3f7ea114-8b34-420c-96bb-82fac9e1920f 067a3363c5984f81a7cfa2eda5d1ebf3 d524c8dfd9e9449798ebac9b025f8de6 - - -] 10.0.4.1 - - [16/Jun/2016 23:27:58] "HEAD /v1/images/8c15b5e8-9a67-4784-ad7a-0b1cc7b0bdec HTTP/1.1" 200 908 0.030619 ==> /var/log/glance/glance-registry.log <==
2016-06-16 23:27:58.832 3499 WARNING keystonemiddleware.auth_token [-] Using the in-process token cache is deprecated as of the 4.2.0 release and may be removed in the 5.0.0 release or the 'O' development cycle. The in-process cache causes inconsistent results and high memory usage. When the feature is removed the auth_token middleware will not cache tokens by default which may result in performance issues. It is recommended to use memcache for the auth_token token cache by setting the memcached_servers option. ==> /var/log/cinder/cinder-api.log <==
2016-06-16 23:27:58.974 3969 INFO cinder.volume.api [req-339c809b-2875-4350-8258-40d9c1424213 067a3363c5984f81a7cfa2eda5d1ebf3 d524c8dfd9e9449798ebac9b025f8de6 - - -] Volume info retrieved successfully.
2016-06-16 23:27:58.981 3969 INFO cinder.api.openstack.wsgi [req-339c809b-2875-4350-8258-40d9c1424213 067a3363c5984f81a7cfa2eda5d1ebf3 d524c8dfd9e9449798ebac9b025f8de6 - - -] http://10.0.4.1:8776/v2/d524c8dfd9e9449798ebac9b025f8de6/volumes/6b1dace4-78e1-452b-a455-c0fc882374f3 returned with HTTP 200
2016-06-16 23:27:58.982 3969 INFO eventlet.wsgi.server [req-339c809b-2875-4350-8258-40d9c1424213 067a3363c5984f81a7cfa2eda5d1ebf3 d524c8dfd9e9449798ebac9b025f8de6 - - -] 10.0.4.5 "GET /v2/d524c8dfd9e9449798ebac9b025f8de6/volumes/6b1dace4-78e1-452b-a455-c0fc882374f3 HTTP/1.1" status: 200 len: 1267 time: 0.2515769 ==> /var/log/glance/glance-registry.log <==
2016-06-16 23:27:59.424 3499 INFO eventlet.wsgi.server [req-914ed2a0-3bdd-4114-ae37-470ef07f7c78 067a3363c5984f81a7cfa2eda5d1ebf3 d524c8dfd9e9449798ebac9b025f8de6 - - -] 127.0.0.1 - - [16/Jun/2016 23:27:59] "GET /images/8c15b5e8-9a67-4784-ad7a-0b1cc7b0bdec HTTP/1.1" 200 965 0.593465 ==> /var/log/glance/glance-api.log <==
2016-06-16 23:27:59.427 3619 INFO eventlet.wsgi.server [req-914ed2a0-3bdd-4114-ae37-470ef07f7c78 067a3363c5984f81a7cfa2eda5d1ebf3 d524c8dfd9e9449798ebac9b025f8de6 - - -] 10.0.4.1 - - [16/Jun/2016 23:27:59] "HEAD /v1/images/8c15b5e8-9a67-4784-ad7a-0b1cc7b0bdec HTTP/1.1" 200 908 0.602322 ==> /var/log/designate/designate-zone-manager.log <==
2016-06-16 23:27:59.429 27987 INFO designate.policy [req-8e90c6cb-6947-4d75-8b69-6545e05c38ce - - - - -] Policy check succeeded for rule 'all_tenants' on target {}
2016-06-16 23:27:59.430 27987 INFO designate.central.rpcapi [req-8e90c6cb-6947-4d75-8b69-6545e05c38ce - - - - -] find_zones: Calling central's find_zones. ==> /var/log/designate/designate-central.log <==
2016-06-16 23:27:59.437 27622 INFO designate.policy [req-8e90c6cb-6947-4d75-8b69-6545e05c38ce - - - - -] Policy check succeeded for rule 'all_tenants' on target {}
2016-06-16 23:27:59.438 27622 INFO designate.policy [req-8e90c6cb-6947-4d75-8b69-6545e05c38ce - - - - -] Policy check succeeded for rule 'find_zones' on target {'tenant_id': None} ==> /var/log/cinder/cinder-volume.log <==
2016-06-16 23:27:59.591 3952 INFO cinder.volume.flows.manager.create_volume [req-1e86feb0-65a3-4b9e-9b3b-17f43e376d04 067a3363c5984f81a7cfa2eda5d1ebf3 d524c8dfd9e9449798ebac9b025f8de6 - - -] Volume 6b1dace4-78e1-452b-a455-c0fc882374f3: being created as image with specification: {'status': u'creating', 'image_location': (None, None), 'volume_size': 5, 'volume_name': 'volume-6b1dace4-78e1-452b-a455-c0fc882374f3', 'image_id': u'8c15b5e8-9a67-4784-ad7a-0b1cc7b0bdec', 'image_service': , 'image_meta': {'status': u'active', 'name': u'fedora23', 'deleted': False, 'container_format': u'docker', 'created_at': datetime.datetime(2016, 6, 15, 20, 38, 43, tzinfo=), 'disk_format': u'qcow2', 'updated_at': datetime.datetime(2016, 6, 15, 20, 38, 45, tzinfo=), 'id': u'8c15b5e8-9a67-4784-ad7a-0b1cc7b0bdec', 'owner': u'd524c8dfd9e9449798ebac9b025f8de6', 'min_ram': 0, 'checksum': u'38d62e2e1909c89f72ba4d5f5c0005d5', 'min_disk': 0, 'is_public': True, 'deleted_at': None, 'properties': {u'hypervisor_type': u'docker', u'architecture': u'x86_64'}, 'size': 234363392}} ==> /var/log/glance/glance-registry.log <==
2016-06-16 23:27:59.624 3506 INFO eventlet.wsgi.server [req-589e2662-393e-40e6-bd0a-a0a26367995c 067a3363c5984f81a7cfa2eda5d1ebf3 d524c8dfd9e9449798ebac9b025f8de6 - - -] 127.0.0.1 - - [16/Jun/2016 23:27:59] "GET /images/8c15b5e8-9a67-4784-ad7a-0b1cc7b0bdec HTTP/1.1" 200 965 0.021504 ==> /var/log/designate/designate-pool-manager.log <==
2016-06-16 23:28:01.079 27773 INFO designate.central.rpcapi [req-b124337a-b318-468c-a79b-47cfdc823fd4 - - - - -] get_pool: Calling central's get_pool. ==> /var/log/designate/designate-central.log <==
2016-06-16 23:28:01.086 27622 INFO designate.policy [req-b124337a-b318-468c-a79b-47cfdc823fd4 - - - - -] Policy check succeeded for rule 'get_pool' on target {} ==> /var/log/designate/designate-pool-manager.log <==
2016-06-16 23:28:01.120 27773 ERROR designate.pool_manager.service [req-b124337a-b318-468c-a79b-47cfdc823fd4 - - - - -] No targets for found. ==> /var/log/neutron/neutron-server.log <==
2016-06-16 23:28:01.657 3920 INFO neutron.wsgi [req-65486344-4ff5-4fac-936c-91d6524e2318 067a3363c5984f81a7cfa2eda5d1ebf3 d524c8dfd9e9449798ebac9b025f8de6 - - -] 10.0.4.1 - - [16/Jun/2016 23:28:01] "GET /v2.0/ports.json?device_id=5193c2d9-0aaf-4f84-b108-f6884d97b571 HTTP/1.1" 200 211 0.041855 ==> /var/log/nova/nova-api.log <==
2016-06-16 23:28:01.661 3980 INFO nova.osapi_compute.wsgi.server [req-e3edb48e-3c1b-46ad-b6d8-b37e520a617f 067a3363c5984f81a7cfa2eda5d1ebf3 d524c8dfd9e9449798ebac9b025f8de6 - - -] 10.0.4.1 "GET /v2/d524c8dfd9e9449798ebac9b025f8de6/servers/5193c2d9-0aaf-4f84-b108-f6884d97b571 HTTP/1.1" status: 200 len: 1592 time: 0.1705589
2016-06-16 23:28:01.695 3980 INFO nova.osapi_compute.wsgi.server [req-b4294d35-d849-44ce-8502-51ab848dadf4 067a3363c5984f81a7cfa2eda5d1ebf3 d524c8dfd9e9449798ebac9b025f8de6 - - -] 10.0.4.1 "GET /v2/d524c8dfd9e9449798ebac9b025f8de6/flavors/9a489b6c-885e-453c-a6f0-35d8067e6108 HTTP/1.1" status: 200 len: 718 time: 0.0282741 ==> /var/log/neutron/neutron-server.log <==
2016-06-16 23:28:01.758 3925 INFO neutron.wsgi [req-416cbe07-7cbd-42cb-b599-4d34ae7a2ff0 067a3363c5984f81a7cfa2eda5d1ebf3 d524c8dfd9e9449798ebac9b025f8de6 - - -] 10.0.4.1 - - [16/Jun/2016 23:28:01] "GET /v2.0/ports.json?device_id=5193c2d9-0aaf-4f84-b108-f6884d97b571 HTTP/1.1" 200 211 0.056933
2016-06-16 23:28:01.785 3925 INFO neutron.wsgi [req-be23e8db-a90a-4aea-8182-82fa5e6e0e71 067a3363c5984f81a7cfa2eda5d1ebf3 d524c8dfd9e9449798ebac9b025f8de6 - - -] 10.0.4.1 - - [16/Jun/2016 23:28:01] "GET /v2.0/floatingips.json?tenant_id=d524c8dfd9e9449798ebac9b025f8de6 HTTP/1.1" 200 217 0.021832
2016-06-16 23:28:01.845 3916 INFO neutron.wsgi [req-e9fdfb02-c28a-4d77-9088-cfd07dfcf800 067a3363c5984f81a7cfa2eda5d1ebf3 d524c8dfd9e9449798ebac9b025f8de6 - - -] 10.0.4.1 - - [16/Jun/2016 23:28:01] "GET /v2.0/ports.json?tenant_id=d524c8dfd9e9449798ebac9b025f8de6 HTTP/1.1" 200 1855 0.055791
2016-06-16 23:28:01.951 3928 INFO neutron.wsgi [req-54a75dff-6f49-4667-9e55-fe78ee251327 067a3363c5984f81a7cfa2eda5d1ebf3 d524c8dfd9e9449798ebac9b025f8de6 - - -] 10.0.4.1 - - [16/Jun/2016 23:28:01] "GET /v2.0/networks.json HTTP/1.1" 200 1429 0.100761
2016-06-16 23:28:02.241 3921 INFO neutron.wsgi [req-942e799e-e3a5-4611-a339-120530d3aaae 067a3363c5984f81a7cfa2eda5d1ebf3 d524c8dfd9e9449798ebac9b025f8de6 - - -] 10.0.4.1 - - [16/Jun/2016 23:28:02] "GET /v2.0/subnets.json HTTP/1.1" 200 1362 0.283975
2016-06-16 23:28:02.257 3921 INFO neutron.wsgi [req-ba26fc9b-0e0d-4268-82af-ae12ed20e596 067a3363c5984f81a7cfa2eda5d1ebf3 d524c8dfd9e9449798ebac9b025f8de6 - - -] 10.0.4.1 - - [16/Jun/2016 23:28:02] "GET /v2.0/extensions.json HTTP/1.1" 200 5995 0.005015 ==> /var/log/nova/nova-api.log <==
2016-06-16 23:28:02.543 3999 INFO nova.osapi_compute.wsgi.server [req-00fd8efc-c9ee-4843-9a74-b5ca25f041c6 067a3363c5984f81a7cfa2eda5d1ebf3 d524c8dfd9e9449798ebac9b025f8de6 - - -] 10.0.4.1 "GET /v2/d524c8dfd9e9449798ebac9b025f8de6/extensions HTTP/1.1" status: 200 len: 21880 time: 0.2764239 ==> /var/log/glance/glance-api.log <==
2016-06-16 23:28:02.861 3622 INFO eventlet.wsgi.server [req-589e2662-393e-40e6-bd0a-a0a26367995c 067a3363c5984f81a7cfa2eda5d1ebf3 d524c8dfd9e9449798ebac9b025f8de6 - - -] 10.0.4.1 - - [16/Jun/2016 23:28:02] "GET /v1/images/8c15b5e8-9a67-4784-ad7a-0b1cc7b0bdec HTTP/1.1" 200 234364308 3.263904 ==> /var/log/designate/designate-zone-manager.log <==
2016-06-16 23:28:04.432 27987 INFO designate.policy [req-208f0654-63e3-4ff3-bcd6-b6eb5cf52468 - - - - -] Policy check succeeded for rule 'all_tenants' on target {}
2016-06-16 23:28:04.433 27987 INFO designate.central.rpcapi [req-208f0654-63e3-4ff3-bcd6-b6eb5cf52468 - - - - -] find_zones: Calling central's find_zones. ==> /var/log/designate/designate-central.log <==
2016-06-16 23:28:04.439 27622 INFO designate.policy [req-208f0654-63e3-4ff3-bcd6-b6eb5cf52468 - - - - -] Policy check succeeded for rule 'all_tenants' on target {}
2016-06-16 23:28:04.441 27622 INFO designate.policy [req-208f0654-63e3-4ff3-bcd6-b6eb5cf52468 - - - - -] Policy check succeeded for rule 'find_zones' on target {'tenant_id': None} ==> /var/log/cinder/cinder-volume.log <==
2016-06-16 23:28:05.901 3952 INFO cinder.image.image_utils [req-1e86feb0-65a3-4b9e-9b3b-17f43e376d04 067a3363c5984f81a7cfa2eda5d1ebf3 d524c8dfd9e9449798ebac9b025f8de6 - - -] Image download 223.00 MB at 35.35 MB/s ==> /var/log/designate/designate-pool-manager.log <==
2016-06-16 23:28:06.121 27773 INFO designate.central.rpcapi [req-b124337a-b318-468c-a79b-47cfdc823fd4 - - - - -] get_pool: Calling central's get_pool. ==> /var/log/designate/designate-central.log <==
2016-06-16 23:28:06.130 27622 INFO designate.policy [req-b124337a-b318-468c-a79b-47cfdc823fd4 - - - - -] Policy check succeeded for rule 'get_pool' on target {} ==> /var/log/designate/designate-pool-manager.log <==
2016-06-16 23:28:06.160 27773 ERROR designate.pool_manager.service [req-b124337a-b318-468c-a79b-47cfdc823fd4 - - - - -] No targets for found. ==> /var/log/glance/glance-registry.log <==
2016-06-16 23:28:06.805 3499 INFO eventlet.wsgi.server [req-4285385a-8482-476f-9792-c029dac0fcd3 067a3363c5984f81a7cfa2eda5d1ebf3 d524c8dfd9e9449798ebac9b025f8de6 - - -] 127.0.0.1 - - [16/Jun/2016 23:28:06] "GET /images/8c15b5e8-9a67-4784-ad7a-0b1cc7b0bdec HTTP/1.1" 200 965 0.022592 ==> /var/log/glance/glance-api.log <==
2016-06-16 23:28:06.807 3611 INFO eventlet.wsgi.server [req-4285385a-8482-476f-9792-c029dac0fcd3 067a3363c5984f81a7cfa2eda5d1ebf3 d524c8dfd9e9449798ebac9b025f8de6 - - -] 10.0.4.1 - - [16/Jun/2016 23:28:06] "HEAD /v1/images/8c15b5e8-9a67-4784-ad7a-0b1cc7b0bdec HTTP/1.1" 200 908 0.244430 ==> /var/log/glance/glance-registry.log <==
2016-06-16 23:28:06.841 3529 INFO eventlet.wsgi.server [req-18ee2712-f083-4004-9b84-f1ffbd881f18 067a3363c5984f81a7cfa2eda5d1ebf3 d524c8dfd9e9449798ebac9b025f8de6 - - -] 127.0.0.1 - - [16/Jun/2016 23:28:06] "GET /images/8c15b5e8-9a67-4784-ad7a-0b1cc7b0bdec HTTP/1.1" 200 965 0.023769 ==> /var/log/glance/glance-api.log <==
2016-06-16 23:28:06.844 3611 INFO eventlet.wsgi.server [req-18ee2712-f083-4004-9b84-f1ffbd881f18 067a3363c5984f81a7cfa2eda5d1ebf3 d524c8dfd9e9449798ebac9b025f8de6 - - -] 10.0.4.1 - - [16/Jun/2016 23:28:06] "HEAD /v1/images/8c15b5e8-9a67-4784-ad7a-0b1cc7b0bdec HTTP/1.1" 200 908 0.032106 ==> /var/log/glance/glance-registry.log <==
2016-06-16 23:28:07.032 3499 INFO eventlet.wsgi.server [req-3e6b90bc-6486-4556-b1ca-6f8826ede1fa 067a3363c5984f81a7cfa2eda5d1ebf3 d524c8dfd9e9449798ebac9b025f8de6 - - -] 127.0.0.1 - - [16/Jun/2016 23:28:07] "GET /images/8c15b5e8-9a67-4784-ad7a-0b1cc7b0bdec HTTP/1.1" 200 965 0.020831 ==> /var/log/glance/glance-api.log <==
2016-06-16 23:28:07.035 3611 INFO eventlet.wsgi.server [req-3e6b90bc-6486-4556-b1ca-6f8826ede1fa 067a3363c5984f81a7cfa2eda5d1ebf3 d524c8dfd9e9449798ebac9b025f8de6 - - -] 10.0.4.1 - - [16/Jun/2016 23:28:07] "HEAD /v1/images/8c15b5e8-9a67-4784-ad7a-0b1cc7b0bdec HTTP/1.1" 200 908 0.029407 ==> /var/log/glance/glance-registry.log <==
2016-06-16 23:28:07.269 3510 INFO eventlet.wsgi.server [req-eee83d9f-0d30-40a0-b857-f522f15a6b6f 067a3363c5984f81a7cfa2eda5d1ebf3 d524c8dfd9e9449798ebac9b025f8de6 - - -] 127.0.0.1 - - [16/Jun/2016 23:28:07] "GET /images/8c15b5e8-9a67-4784-ad7a-0b1cc7b0bdec HTTP/1.1" 200 965 0.224475 ==> /var/log/glance/glance-api.log <==
2016-06-16 23:28:07.272 3611 INFO eventlet.wsgi.server [req-eee83d9f-0d30-40a0-b857-f522f15a6b6f 067a3363c5984f81a7cfa2eda5d1ebf3 d524c8dfd9e9449798ebac9b025f8de6 - - -] 10.0.4.1 - - [16/Jun/2016 23:28:07] "HEAD /v1/images/8c15b5e8-9a67-4784-ad7a-0b1cc7b0bdec HTTP/1.1" 200 908 0.232573 ==> /var/log/neutron/neutron-server.log <==
2016-06-16 23:28:08.129 3922 INFO neutron.wsgi [req-83ef520a-25c3-4133-85af-921c049eb756 067a3363c5984f81a7cfa2eda5d1ebf3 d524c8dfd9e9449798ebac9b025f8de6 - - -] 10.0.4.1 - - [16/Jun/2016 23:28:08] "GET /v2.0/ports.json?device_id=5193c2d9-0aaf-4f84-b108-f6884d97b571 HTTP/1.1" 200 211 0.250304 ==> /var/log/nova/nova-api.log <==
2016-06-16 23:28:08.133 3978 INFO nova.osapi_compute.wsgi.server [req-f8f57adc-67e4-4917-a256-57528d41249a 067a3363c5984f81a7cfa2eda5d1ebf3 d524c8dfd9e9449798ebac9b025f8de6 - - -] 10.0.4.1 "GET /v2/d524c8dfd9e9449798ebac9b025f8de6/servers/5193c2d9-0aaf-4f84-b108-f6884d97b571 HTTP/1.1" status: 200 len: 1592 time: 0.4010692
2016-06-16 23:28:08.167 3978 INFO nova.osapi_compute.wsgi.server [req-14aa06c6-c15a-48ce-8e78-babe4f390a9e 067a3363c5984f81a7cfa2eda5d1ebf3 d524c8dfd9e9449798ebac9b025f8de6 - - -] 10.0.4.1 "GET /v2/d524c8dfd9e9449798ebac9b025f8de6/flavors/9a489b6c-885e-453c-a6f0-35d8067e6108 HTTP/1.1" status: 200 len: 718 time: 0.0292158 ==> /var/log/neutron/neutron-server.log <==
2016-06-16 23:28:08.218 3925 INFO neutron.wsgi [req-7002d7d7-b4da-4b98-a7ac-589fd3be32d8 067a3363c5984f81a7cfa2eda5d1ebf3 d524c8dfd9e9449798ebac9b025f8de6 - - -] 10.0.4.1 - - [16/Jun/2016 23:28:08] "GET /v2.0/ports.json?device_id=5193c2d9-0aaf-4f84-b108-f6884d97b571 HTTP/1.1" 200 211 0.044368
2016-06-16 23:28:08.243 3925 INFO neutron.wsgi [req-45110356-86cd-4209-8927-6e115d749909 067a3363c5984f81a7cfa2eda5d1ebf3 d524c8dfd9e9449798ebac9b025f8de6 - - -] 10.0.4.1 - - [16/Jun/2016 23:28:08] "GET /v2.0/floatingips.json?tenant_id=d524c8dfd9e9449798ebac9b025f8de6 HTTP/1.1" 200 217 0.019303
2016-06-16 23:28:08.300 3925 INFO neutron.wsgi [req-3f298f35-a8f8-43a2-aef2-84a79e8235bc 067a3363c5984f81a7cfa2eda5d1ebf3 d524c8dfd9e9449798ebac9b025f8de6 - - -] 10.0.4.1 - - [16/Jun/2016 23:28:08] "GET /v2.0/ports.json?tenant_id=d524c8dfd9e9449798ebac9b025f8de6 HTTP/1.1" 200 1855 0.051101
2016-06-16 23:28:08.395 3925 INFO neutron.wsgi [req-b43d629a-3c42-4b08-97dc-35d49c60e8f4 067a3363c5984f81a7cfa2eda5d1ebf3 d524c8dfd9e9449798ebac9b025f8de6 - - -] 10.0.4.1 - - [16/Jun/2016 23:28:08] "GET /v2.0/networks.json HTTP/1.1" 200 1429 0.089959
2016-06-16 23:28:08.484 3925 INFO neutron.wsgi [req-a65fb5fe-4db0-48ce-81d9-e78879812028 067a3363c5984f81a7cfa2eda5d1ebf3 d524c8dfd9e9449798ebac9b025f8de6 - - -] 10.0.4.1 - - [16/Jun/2016 23:28:08] "GET /v2.0/subnets.json HTTP/1.1" 200 1362 0.083528
2016-06-16 23:28:08.499 3920 INFO neutron.wsgi [req-eccbeee2-d181-4dfd-88d3-520fcbe86db9 067a3363c5984f81a7cfa2eda5d1ebf3 d524c8dfd9e9449798ebac9b025f8de6 - - -] 10.0.4.1 - - [16/Jun/2016 23:28:08] "GET /v2.0/extensions.json HTTP/1.1" 200 5995 0.004800 ==> /var/log/nova/nova-api.log <==
2016-06-16 23:28:08.571 3996 INFO nova.osapi_compute.wsgi.server [req-a39e53c6-46ea-4f68-b591-4929d42e59bb 067a3363c5984f81a7cfa2eda5d1ebf3 d524c8dfd9e9449798ebac9b025f8de6 - - -] 10.0.4.1 "GET /v2/d524c8dfd9e9449798ebac9b025f8de6/extensions HTTP/1.1" status: 200 len: 21880 time: 0.0622849 ==> /var/log/cinder/cinder-api.log <==
2016-06-16 23:28:08.989 3969 INFO cinder.api.openstack.wsgi [req-a0b37bd4-d091-4cb3-b5f0-b82f321de71b 067a3363c5984f81a7cfa2eda5d1ebf3 d524c8dfd9e9449798ebac9b025f8de6 - - -] GET http://10.0.4.1:8776/v2/d524c8dfd9e9449798ebac9b025f8de6/volumes/6b1dace4-78e1-452b-a455-c0fc882374f3
2016-06-16 23:28:09.201 3969 INFO cinder.volume.api [req-a0b37bd4-d091-4cb3-b5f0-b82f321de71b 067a3363c5984f81a7cfa2eda5d1ebf3 d524c8dfd9e9449798ebac9b025f8de6 - - -] Volume info retrieved successfully.
2016-06-16 23:28:09.208 3969 INFO cinder.api.openstack.wsgi [req-a0b37bd4-d091-4cb3-b5f0-b82f321de71b 067a3363c5984f81a7cfa2eda5d1ebf3 d524c8dfd9e9449798ebac9b025f8de6 - - -] http://10.0.4.1:8776/v2/d524c8dfd9e9449798ebac9b025f8de6/volumes/6b1dace4-78e1-452b-a455-c0fc882374f3 returned with HTTP 200
2016-06-16 23:28:09.209 3969 INFO eventlet.wsgi.server [req-a0b37bd4-d091-4cb3-b5f0-b82f321de71b 067a3363c5984f81a7cfa2eda5d1ebf3 d524c8dfd9e9449798ebac9b025f8de6 - - -] 10.0.4.5 "GET /v2/d524c8dfd9e9449798ebac9b025f8de6/volumes/6b1dace4-78e1-452b-a455-c0fc882374f3 HTTP/1.1" status: 200 len: 1270 time: 0.2237070 ==> /var/log/designate/designate-zone-manager.log <==
2016-06-16 23:28:09.435 27987 INFO designate.policy [req-42566479-a357-4a05-a643-61074c950f86 - - - - -] Policy check succeeded for rule 'all_tenants' on target {}
2016-06-16 23:28:09.436 27987 INFO designate.central.rpcapi [req-42566479-a357-4a05-a643-61074c950f86 - - - - -] find_zones: Calling central's find_zones. ==> /var/log/designate/designate-central.log <==
2016-06-16 23:28:09.443 27622 INFO designate.policy [req-42566479-a357-4a05-a643-61074c950f86 - - - - -] Policy check succeeded for rule 'all_tenants' on target {}
2016-06-16 23:28:09.444 27622 INFO designate.policy [req-42566479-a357-4a05-a643-61074c950f86 - - - - -] Policy check succeeded for rule 'find_zones' on target {'tenant_id': None} ==> /var/log/designate/designate-pool-manager.log <==
2016-06-16 23:28:11.161 27773 INFO designate.central.rpcapi [req-b124337a-b318-468c-a79b-47cfdc823fd4 - - - - -] get_pool: Calling central's get_pool. ==> /var/log/designate/designate-central.log <==
2016-06-16 23:28:11.168 27622 INFO designate.policy [req-b124337a-b318-468c-a79b-47cfdc823fd4 - - - - -] Policy check succeeded for rule 'get_pool' on target {} ==> /var/log/designate/designate-pool-manager.log <==
2016-06-16 23:28:11.198 27773 ERROR designate.pool_manager.service [req-b124337a-b318-468c-a79b-47cfdc823fd4 - - - - -] No targets for found. ==> /var/log/manila/manila-share.log <==
2016-06-16 23:28:13.458 3497 INFO manila.share.manager [req-723a4b30-8a58-4bbc-93fe-50eebdb88cf3 - - - - -] Updating share status ==> /var/log/manila/manila-scheduler.log <==
2016-06-16 23:28:13.460 3001 WARNING manila.context [-] Arguments dropped when creating context: {u'read_only': False, u'domain': None, u'show_deleted': False, u'user_identity': u'- - - - -', u'project_domain': None, u'resource_uuid': None, u'user_domain': None}. ==> /var/log/designate/designate-zone-manager.log <==
2016-06-16 23:28:14.430 27987 INFO designate.policy [req-14ed20b9-89e0-4cf6-9ed4-0b228340b520 - - - - -] Policy check succeeded for rule 'all_tenants' on target {}
2016-06-16 23:28:14.431 27987 INFO designate.central.rpcapi [req-14ed20b9-89e0-4cf6-9ed4-0b228340b520 - - - - -] find_zones: Calling central's find_zones. ==> /var/log/designate/designate-central.log <==
2016-06-16 23:28:14.438 27622 INFO designate.policy [req-14ed20b9-89e0-4cf6-9ed4-0b228340b520 - - - - -] Policy check succeeded for rule 'all_tenants' on target {}
2016-06-16 23:28:14.439 27622 INFO designate.policy [req-14ed20b9-89e0-4cf6-9ed4-0b228340b520 - - - - -] Policy check succeeded for rule 'find_zones' on target {'tenant_id': None} ==> /var/log/designate/designate-pool-manager.log <==
2016-06-16 23:28:16.199 27773 INFO designate.central.rpcapi [req-b124337a-b318-468c-a79b-47cfdc823fd4 - - - - -] get_pool: Calling central's get_pool. ==> /var/log/designate/designate-central.log <==
2016-06-16 23:28:16.206 27622 INFO designate.policy [req-b124337a-b318-468c-a79b-47cfdc823fd4 - - - - -] Policy check succeeded for rule 'get_pool' on target {} ==> /var/log/designate/designate-pool-manager.log <==
2016-06-16 23:28:16.235 27773 ERROR designate.pool_manager.service [req-b124337a-b318-468c-a79b-47cfdc823fd4 - - - - -] No targets for found. ==> /var/log/neutron/neutron-server.log <==
2016-06-16 23:28:16.451 3919 INFO neutron.wsgi [req-ba63590f-074b-4803-9fe4-5a2818bac5b6 067a3363c5984f81a7cfa2eda5d1ebf3 d524c8dfd9e9449798ebac9b025f8de6 - - -] 10.0.4.1 - - [16/Jun/2016 23:28:16] "GET /v2.0/ports.json?device_id=5193c2d9-0aaf-4f84-b108-f6884d97b571 HTTP/1.1" 200 211 0.043651 ==> /var/log/nova/nova-api.log <==
2016-06-16 23:28:16.454 3999 INFO nova.osapi_compute.wsgi.server [req-1fc1a44c-f9db-472d-9233-b3587b20da82 067a3363c5984f81a7cfa2eda5d1ebf3 d524c8dfd9e9449798ebac9b025f8de6 - - -] 10.0.4.1 "GET /v2/d524c8dfd9e9449798ebac9b025f8de6/servers/5193c2d9-0aaf-4f84-b108-f6884d97b571 HTTP/1.1" status: 200 len: 1592 time: 0.1842000
2016-06-16 23:28:16.489 3996 INFO nova.osapi_compute.wsgi.server [req-7273a9f3-2f70-4c11-9c63-636c2e4170a6 067a3363c5984f81a7cfa2eda5d1ebf3 d524c8dfd9e9449798ebac9b025f8de6 - - -] 10.0.4.1 "GET /v2/d524c8dfd9e9449798ebac9b025f8de6/flavors/9a489b6c-885e-453c-a6f0-35d8067e6108 HTTP/1.1" status: 200 len: 718 time: 0.0290620 ==> /var/log/neutron/neutron-server.log <==
2016-06-16 23:28:16.547 3921 INFO neutron.wsgi [req-9e2fe40f-1d94-4bdf-a7a0-64a4a1c3bdee 067a3363c5984f81a7cfa2eda5d1ebf3 d524c8dfd9e9449798ebac9b025f8de6 - - -] 10.0.4.1 - - [16/Jun/2016 23:28:16] "GET /v2.0/ports.json?device_id=5193c2d9-0aaf-4f84-b108-f6884d97b571 HTTP/1.1" 200 211 0.051868
2016-06-16 23:28:16.575 3921 INFO neutron.wsgi [req-51b2e489-3624-4f86-bb16-8c3380653d94 067a3363c5984f81a7cfa2eda5d1ebf3 d524c8dfd9e9449798ebac9b025f8de6 - - -] 10.0.4.1 - - [16/Jun/2016 23:28:16] "GET /v2.0/floatingips.json?tenant_id=d524c8dfd9e9449798ebac9b025f8de6 HTTP/1.1" 200 217 0.021540
2016-06-16 23:28:16.851 3914 INFO neutron.wsgi [req-97ca6d80-67c9-4d84-8f9b-f74dc4db96bb 067a3363c5984f81a7cfa2eda5d1ebf3 d524c8dfd9e9449798ebac9b025f8de6 - - -] 10.0.4.1 - - [16/Jun/2016 23:28:16] "GET /v2.0/ports.json?tenant_id=d524c8dfd9e9449798ebac9b025f8de6 HTTP/1.1" 200 1855 0.270945
2016-06-16 23:28:16.940 3928 INFO neutron.wsgi [req-4753a78b-883f-4049-aac9-5c2659b914de 067a3363c5984f81a7cfa2eda5d1ebf3 d524c8dfd9e9449798ebac9b025f8de6 - - -] 10.0.4.1 - - [16/Jun/2016 23:28:16] "GET /v2.0/networks.json HTTP/1.1" 200 1429 0.083981
2016-06-16 23:28:17.022 3922 INFO neutron.wsgi [req-c3d20efe-52e1-4ffb-9862-85c33c53d179 067a3363c5984f81a7cfa2eda5d1ebf3 d524c8dfd9e9449798ebac9b025f8de6 - - -] 10.0.4.1 - - [16/Jun/2016 23:28:17] "GET /v2.0/subnets.json HTTP/1.1" 200 1362 0.077065
