2016-06-16 23:28:17.035 3924 WARNING keystonemiddleware.auth_token [-] Using the in-process token cache is deprecated as of the 4.2.0 release and may be removed in the 5.0.0 release or the 'O' development cycle. The in-process cache causes inconsistent results and high memory usage. When the feature is removed the auth_token middleware will not cache tokens by default which may result in performance issues. It is recommended to use memcache for the auth_token token cache by setting the memcached_servers option.
2016-06-16 23:28:17.689 3924 INFO neutron.wsgi [req-cbb50a2a-0115-487f-8b90-a9d93e7c0674 067a3363c5984f81a7cfa2eda5d1ebf3 d524c8dfd9e9449798ebac9b025f8de6 - - -] 10.0.4.1 - - [16/Jun/2016 23:28:17] "GET /v2.0/extensions.json HTTP/1.1" 200 5995 0.655545 ==> /var/log/nova/nova-api.log <==
2016-06-16 23:28:17.769 3999 INFO nova.osapi_compute.wsgi.server [req-08ef0643-a003-48b4-bce2-27af59a512ce 067a3363c5984f81a7cfa2eda5d1ebf3 d524c8dfd9e9449798ebac9b025f8de6 - - -] 10.0.4.1 "GET /v2/d524c8dfd9e9449798ebac9b025f8de6/extensions HTTP/1.1" status: 200 len: 21880 time: 0.0708480 ==> /var/log/cinder/cinder-api.log <==
2016-06-16 23:28:19.217 3969 INFO cinder.api.openstack.wsgi [req-2525322d-e76f-4eab-82c1-3fbbe9db2864 067a3363c5984f81a7cfa2eda5d1ebf3 d524c8dfd9e9449798ebac9b025f8de6 - - -] GET http://10.0.4.1:8776/v2/d524c8dfd9e9449798ebac9b025f8de6/volumes/6b1dace4-78e1-452b-a455-c0fc882374f3 ==> /var/log/designate/designate-zone-manager.log <==
2016-06-16 23:28:19.433 27987 INFO designate.policy [req-3cbbbd71-2e3f-45de-a58a-4bf08b7e8a09 - - - - -] Policy check succeeded for rule 'all_tenants' on target {}
2016-06-16 23:28:19.434 27987 INFO designate.central.rpcapi [req-3cbbbd71-2e3f-45de-a58a-4bf08b7e8a09 - - - - -] find_zones: Calling central's find_zones. ==> /var/log/designate/designate-central.log <==
2016-06-16 23:28:19.442 27622 INFO designate.policy [req-3cbbbd71-2e3f-45de-a58a-4bf08b7e8a09 - - - - -] Policy check succeeded for rule 'all_tenants' on target {}
2016-06-16 23:28:19.444 27622 INFO designate.policy [req-3cbbbd71-2e3f-45de-a58a-4bf08b7e8a09 - - - - -] Policy check succeeded for rule 'find_zones' on target {'tenant_id': None} ==> /var/log/cinder/cinder-api.log <==
2016-06-16 23:28:19.584 3969 INFO cinder.volume.api [req-2525322d-e76f-4eab-82c1-3fbbe9db2864 067a3363c5984f81a7cfa2eda5d1ebf3 d524c8dfd9e9449798ebac9b025f8de6 - - -] Volume info retrieved successfully.
2016-06-16 23:28:19.591 3969 INFO cinder.api.openstack.wsgi [req-2525322d-e76f-4eab-82c1-3fbbe9db2864 067a3363c5984f81a7cfa2eda5d1ebf3 d524c8dfd9e9449798ebac9b025f8de6 - - -] http://10.0.4.1:8776/v2/d524c8dfd9e9449798ebac9b025f8de6/volumes/6b1dace4-78e1-452b-a455-c0fc882374f3 returned with HTTP 200
2016-06-16 23:28:19.593 3969 INFO eventlet.wsgi.server [req-2525322d-e76f-4eab-82c1-3fbbe9db2864 067a3363c5984f81a7cfa2eda5d1ebf3 d524c8dfd9e9449798ebac9b025f8de6 - - -] 10.0.4.5 "GET /v2/d524c8dfd9e9449798ebac9b025f8de6/volumes/6b1dace4-78e1-452b-a455-c0fc882374f3 HTTP/1.1" status: 200 len: 1270 time: 0.3808961 ==> /var/log/nova/nova-scheduler.log <==
2016-06-16 23:28:21.148 2944 INFO nova.scheduler.host_manager [req-529ab95d-0612-4a97-a316-27afeaa21abf - - - - -] The instance sync for host 'bladeA05b' did not match. Re-created its InstanceList. ==> /var/log/designate/designate-pool-manager.log <==
2016-06-16 23:28:21.236 27773 INFO designate.central.rpcapi [req-b124337a-b318-468c-a79b-47cfdc823fd4 - - - - -] get_pool: Calling central's get_pool. ==> /var/log/designate/designate-central.log <==
2016-06-16 23:28:21.243 27622 INFO designate.policy [req-b124337a-b318-468c-a79b-47cfdc823fd4 - - - - -] Policy check succeeded for rule 'get_pool' on target {} ==> /var/log/designate/designate-pool-manager.log <==
2016-06-16 23:28:21.272 27773 ERROR designate.pool_manager.service [req-b124337a-b318-468c-a79b-47cfdc823fd4 - - - - -] No targets for found. ==> /var/log/designate/designate-zone-manager.log <==
2016-06-16 23:28:24.433 27987 INFO designate.policy [req-74829320-1531-45cd-b132-7c5b5e02952c - - - - -] Policy check succeeded for rule 'all_tenants' on target {}
2016-06-16 23:28:24.434 27987 INFO designate.central.rpcapi [req-74829320-1531-45cd-b132-7c5b5e02952c - - - - -] find_zones: Calling central's find_zones. ==> /var/log/designate/designate-central.log <==
2016-06-16 23:28:24.441 27622 INFO designate.policy [req-74829320-1531-45cd-b132-7c5b5e02952c - - - - -] Policy check succeeded for rule 'all_tenants' on target {}
2016-06-16 23:28:24.443 27622 INFO designate.policy [req-74829320-1531-45cd-b132-7c5b5e02952c - - - - -] Policy check succeeded for rule 'find_zones' on target {'tenant_id': None} ==> /var/log/designate/designate-pool-manager.log <==
2016-06-16 23:28:26.273 27773 INFO designate.central.rpcapi [req-b124337a-b318-468c-a79b-47cfdc823fd4 - - - - -] get_pool: Calling central's get_pool. ==> /var/log/designate/designate-central.log <==
2016-06-16 23:28:26.280 27622 INFO designate.policy [req-b124337a-b318-468c-a79b-47cfdc823fd4 - - - - -] Policy check succeeded for rule 'get_pool' on target {} ==> /var/log/designate/designate-pool-manager.log <==
2016-06-16 23:28:26.308 27773 ERROR designate.pool_manager.service [req-b124337a-b318-468c-a79b-47cfdc823fd4 - - - - -] No targets for found. ==> /var/log/neutron/neutron-server.log <==
2016-06-16 23:28:28.124 3919 INFO neutron.wsgi [req-1320f3ea-fea6-495c-b2c3-7cf7a8104f1b 067a3363c5984f81a7cfa2eda5d1ebf3 d524c8dfd9e9449798ebac9b025f8de6 - - -] 10.0.4.1 - - [16/Jun/2016 23:28:28] "GET /v2.0/ports.json?device_id=5193c2d9-0aaf-4f84-b108-f6884d97b571 HTTP/1.1" 200 211 0.040728 ==> /var/log/nova/nova-api.log <==
2016-06-16 23:28:28.126 3999 INFO nova.osapi_compute.wsgi.server [req-69d2b8ad-eb74-49f0-b2ae-e2f817ebd964 067a3363c5984f81a7cfa2eda5d1ebf3 d524c8dfd9e9449798ebac9b025f8de6 - - -] 10.0.4.1 "GET /v2/d524c8dfd9e9449798ebac9b025f8de6/servers/5193c2d9-0aaf-4f84-b108-f6884d97b571 HTTP/1.1" status: 200 len: 1592 time: 0.1702511
2016-06-16 23:28:28.165 3999 INFO nova.osapi_compute.wsgi.server [req-250304e8-f9cc-47fc-9ec0-c7e5e593987b 067a3363c5984f81a7cfa2eda5d1ebf3 d524c8dfd9e9449798ebac9b025f8de6 - - -] 10.0.4.1 "GET /v2/d524c8dfd9e9449798ebac9b025f8de6/flavors/9a489b6c-885e-453c-a6f0-35d8067e6108 HTTP/1.1" status: 200 len: 718 time: 0.0284150 ==> /var/log/neutron/neutron-server.log <==
2016-06-16 23:28:28.213 3923 INFO neutron.wsgi [req-21eeadaa-ea2a-4caf-bcf7-34767a0f167c 067a3363c5984f81a7cfa2eda5d1ebf3 d524c8dfd9e9449798ebac9b025f8de6 - - -] 10.0.4.1 - - [16/Jun/2016 23:28:28] "GET /v2.0/ports.json?device_id=5193c2d9-0aaf-4f84-b108-f6884d97b571 HTTP/1.1" 200 211 0.042606
2016-06-16 23:28:28.238 3923 INFO neutron.wsgi [req-e2882a6c-3840-4e9d-9f5a-327243a84621 067a3363c5984f81a7cfa2eda5d1ebf3 d524c8dfd9e9449798ebac9b025f8de6 - - -] 10.0.4.1 - - [16/Jun/2016 23:28:28] "GET /v2.0/floatingips.json?tenant_id=d524c8dfd9e9449798ebac9b025f8de6 HTTP/1.1" 200 217 0.020013
2016-06-16 23:28:28.289 3921 INFO neutron.wsgi [req-0d0850dd-ea5c-4501-a887-b0e45e22ef54 067a3363c5984f81a7cfa2eda5d1ebf3 d524c8dfd9e9449798ebac9b025f8de6 - - -] 10.0.4.1 - - [16/Jun/2016 23:28:28] "GET /v2.0/ports.json?tenant_id=d524c8dfd9e9449798ebac9b025f8de6 HTTP/1.1" 200 1855 0.046747
2016-06-16 23:28:28.386 3921 INFO neutron.wsgi [req-7d38fe99-49b8-4bf6-b4e2-e2ec37ece419 067a3363c5984f81a7cfa2eda5d1ebf3 d524c8dfd9e9449798ebac9b025f8de6 - - -] 10.0.4.1 - - [16/Jun/2016 23:28:28] "GET /v2.0/networks.json HTTP/1.1" 200 1429 0.091477
2016-06-16 23:28:28.470 3915 INFO neutron.wsgi [req-b22a67d1-ab4f-4e85-8ba6-021035dbe1e2 067a3363c5984f81a7cfa2eda5d1ebf3 d524c8dfd9e9449798ebac9b025f8de6 - - -] 10.0.4.1 - - [16/Jun/2016 23:28:28] "GET /v2.0/subnets.json HTTP/1.1" 200 1362 0.079605
2016-06-16 23:28:28.486 3915 INFO neutron.wsgi [req-eb2e05bb-523d-4a16-bc79-82e439d1f657 067a3363c5984f81a7cfa2eda5d1ebf3 d524c8dfd9e9449798ebac9b025f8de6 - - -] 10.0.4.1 - - [16/Jun/2016 23:28:28] "GET /v2.0/extensions.json HTTP/1.1" 200 5995 0.004841 ==> /var/log/nova/nova-api.log <==
2016-06-16 23:28:28.559 3989 INFO nova.osapi_compute.wsgi.server [req-fd2b8b46-f874-4a09-b7ac-e6574ccf5427 067a3363c5984f81a7cfa2eda5d1ebf3 d524c8dfd9e9449798ebac9b025f8de6 - - -] 10.0.4.1 "GET /v2/d524c8dfd9e9449798ebac9b025f8de6/extensions HTTP/1.1" status: 200 len: 21880 time: 0.0644701 ==> /var/log/designate/designate-zone-manager.log <==
2016-06-16 23:28:29.436 27987 INFO designate.policy [req-248b9381-f964-4533-ad58-97931e0b86bf - - - - -] Policy check succeeded for rule 'all_tenants' on target {}
2016-06-16 23:28:29.437 27987 INFO designate.central.rpcapi [req-248b9381-f964-4533-ad58-97931e0b86bf - - - - -] find_zones: Calling central's find_zones. ==> /var/log/designate/designate-central.log <==
2016-06-16 23:28:29.444 27622 INFO designate.policy [req-248b9381-f964-4533-ad58-97931e0b86bf - - - - -] Policy check succeeded for rule 'all_tenants' on target {}
2016-06-16 23:28:29.445 27622 INFO designate.policy [req-248b9381-f964-4533-ad58-97931e0b86bf - - - - -] Policy check succeeded for rule 'find_zones' on target {'tenant_id': None} ==> /var/log/cinder/cinder-api.log <==
2016-06-16 23:28:29.600 3969 INFO cinder.api.openstack.wsgi [req-35a43774-a5f2-47f1-952c-fb00d615817a 067a3363c5984f81a7cfa2eda5d1ebf3 d524c8dfd9e9449798ebac9b025f8de6 - - -] GET http://10.0.4.1:8776/v2/d524c8dfd9e9449798ebac9b025f8de6/volumes/6b1dace4-78e1-452b-a455-c0fc882374f3
2016-06-16 23:28:29.821 3969 INFO cinder.volume.api [req-35a43774-a5f2-47f1-952c-fb00d615817a 067a3363c5984f81a7cfa2eda5d1ebf3 d524c8dfd9e9449798ebac9b025f8de6 - - -] Volume info retrieved successfully.
2016-06-16 23:28:29.829 3969 INFO cinder.api.openstack.wsgi [req-35a43774-a5f2-47f1-952c-fb00d615817a 067a3363c5984f81a7cfa2eda5d1ebf3 d524c8dfd9e9449798ebac9b025f8de6 - - -] http://10.0.4.1:8776/v2/d524c8dfd9e9449798ebac9b025f8de6/volumes/6b1dace4-78e1-452b-a455-c0fc882374f3 returned with HTTP 200
2016-06-16 23:28:29.831 3969 INFO eventlet.wsgi.server [req-35a43774-a5f2-47f1-952c-fb00d615817a 067a3363c5984f81a7cfa2eda5d1ebf3 d524c8dfd9e9449798ebac9b025f8de6 - - -] 10.0.4.5 "GET /v2/d524c8dfd9e9449798ebac9b025f8de6/volumes/6b1dace4-78e1-452b-a455-c0fc882374f3 HTTP/1.1" status: 200 len: 1270 time: 0.2343118 ==> /var/log/designate/designate-pool-manager.log <==
2016-06-16 23:28:31.310 27773 INFO designate.central.rpcapi [req-b124337a-b318-468c-a79b-47cfdc823fd4 - - - - -] get_pool: Calling central's get_pool. ==> /var/log/designate/designate-central.log <==
2016-06-16 23:28:31.317 27622 INFO designate.policy [req-b124337a-b318-468c-a79b-47cfdc823fd4 - - - - -] Policy check succeeded for rule 'get_pool' on target {} ==> /var/log/designate/designate-pool-manager.log <==
2016-06-16 23:28:31.345 27773 ERROR designate.pool_manager.service [req-b124337a-b318-468c-a79b-47cfdc823fd4 - - - - -] No targets for found. ==> /var/log/designate/designate-zone-manager.log <==
2016-06-16 23:28:34.439 27987 INFO designate.policy [req-c9db542b-bb55-44d4-8e8d-ebf736ddffa6 - - - - -] Policy check succeeded for rule 'all_tenants' on target {}
2016-06-16 23:28:34.440 27987 INFO designate.central.rpcapi [req-c9db542b-bb55-44d4-8e8d-ebf736ddffa6 - - - - -] find_zones: Calling central's find_zones. ==> /var/log/designate/designate-central.log <==
2016-06-16 23:28:34.448 27622 INFO designate.policy [req-c9db542b-bb55-44d4-8e8d-ebf736ddffa6 - - - - -] Policy check succeeded for rule 'all_tenants' on target {}
2016-06-16 23:28:34.449 27622 INFO designate.policy [req-c9db542b-bb55-44d4-8e8d-ebf736ddffa6 - - - - -] Policy check succeeded for rule 'find_zones' on target {'tenant_id': None} ==> /var/log/designate/designate-pool-manager.log <==
2016-06-16 23:28:36.346 27773 INFO designate.central.rpcapi [req-b124337a-b318-468c-a79b-47cfdc823fd4 - - - - -] get_pool: Calling central's get_pool. ==> /var/log/designate/designate-central.log <==
2016-06-16 23:28:36.354 27622 INFO designate.policy [req-b124337a-b318-468c-a79b-47cfdc823fd4 - - - - -] Policy check succeeded for rule 'get_pool' on target {} ==> /var/log/designate/designate-pool-manager.log <==
2016-06-16 23:28:36.382 27773 ERROR designate.pool_manager.service [req-b124337a-b318-468c-a79b-47cfdc823fd4 - - - - -] No targets for found. ==> /var/log/designate/designate-zone-manager.log <==
2016-06-16 23:28:39.443 27987 INFO designate.policy [req-2681c101-08b8-4a25-bd24-bfbda7a60709 - - - - -] Policy check succeeded for rule 'all_tenants' on target {}
2016-06-16 23:28:39.444 27987 INFO designate.central.rpcapi [req-2681c101-08b8-4a25-bd24-bfbda7a60709 - - - - -] find_zones: Calling central's find_zones. ==> /var/log/designate/designate-central.log <==
2016-06-16 23:28:39.450 27622 INFO designate.policy [req-2681c101-08b8-4a25-bd24-bfbda7a60709 - - - - -] Policy check succeeded for rule 'all_tenants' on target {}
2016-06-16 23:28:39.451 27622 INFO designate.policy [req-2681c101-08b8-4a25-bd24-bfbda7a60709 - - - - -] Policy check succeeded for rule 'find_zones' on target {'tenant_id': None} ==> /var/log/cinder/cinder-api.log <==
2016-06-16 23:28:39.838 3969 INFO cinder.api.openstack.wsgi [req-7d61194a-ee9c-410d-b794-70ffa8ebcf30 067a3363c5984f81a7cfa2eda5d1ebf3 d524c8dfd9e9449798ebac9b025f8de6 - - -] GET http://10.0.4.1:8776/v2/d524c8dfd9e9449798ebac9b025f8de6/volumes/6b1dace4-78e1-452b-a455-c0fc882374f3
2016-06-16 23:28:40.073 3969 INFO cinder.volume.api [req-7d61194a-ee9c-410d-b794-70ffa8ebcf30 067a3363c5984f81a7cfa2eda5d1ebf3 d524c8dfd9e9449798ebac9b025f8de6 - - -] Volume info retrieved successfully.
2016-06-16 23:28:40.081 3969 INFO cinder.api.openstack.wsgi [req-7d61194a-ee9c-410d-b794-70ffa8ebcf30 067a3363c5984f81a7cfa2eda5d1ebf3 d524c8dfd9e9449798ebac9b025f8de6 - - -] http://10.0.4.1:8776/v2/d524c8dfd9e9449798ebac9b025f8de6/volumes/6b1dace4-78e1-452b-a455-c0fc882374f3 returned with HTTP 200
2016-06-16 23:28:40.082 3969 INFO eventlet.wsgi.server [req-7d61194a-ee9c-410d-b794-70ffa8ebcf30 067a3363c5984f81a7cfa2eda5d1ebf3 d524c8dfd9e9449798ebac9b025f8de6 - - -] 10.0.4.5 "GET /v2/d524c8dfd9e9449798ebac9b025f8de6/volumes/6b1dace4-78e1-452b-a455-c0fc882374f3 HTTP/1.1" status: 200 len: 1270 time: 0.2481830 ==> /var/log/designate/designate-pool-manager.log <==
2016-06-16 23:28:41.383 27773 INFO designate.central.rpcapi [req-b124337a-b318-468c-a79b-47cfdc823fd4 - - - - -] get_pool: Calling central's get_pool. ==> /var/log/designate/designate-central.log <==
2016-06-16 23:28:41.390 27622 INFO designate.policy [req-b124337a-b318-468c-a79b-47cfdc823fd4 - - - - -] Policy check succeeded for rule 'get_pool' on target {} ==> /var/log/designate/designate-pool-manager.log <==
2016-06-16 23:28:41.420 27773 ERROR designate.pool_manager.service [req-b124337a-b318-468c-a79b-47cfdc823fd4 - - - - -] No targets for found. ==> /var/log/neutron/neutron-server.log <==
2016-06-16 23:28:41.647 3914 INFO neutron.wsgi [req-4a817775-21e2-4df2-a7f7-95a996054f6d 067a3363c5984f81a7cfa2eda5d1ebf3 d524c8dfd9e9449798ebac9b025f8de6 - - -] 10.0.4.1 - - [16/Jun/2016 23:28:41] "GET /v2.0/ports.json?device_id=5193c2d9-0aaf-4f84-b108-f6884d97b571 HTTP/1.1" 200 211 0.039290 ==> /var/log/nova/nova-api.log <==
2016-06-16 23:28:41.650 3997 INFO nova.osapi_compute.wsgi.server [req-f9be495a-2624-4b14-95a3-a68673090a00 067a3363c5984f81a7cfa2eda5d1ebf3 d524c8dfd9e9449798ebac9b025f8de6 - - -] 10.0.4.1 "GET /v2/d524c8dfd9e9449798ebac9b025f8de6/servers/5193c2d9-0aaf-4f84-b108-f6884d97b571 HTTP/1.1" status: 200 len: 1592 time: 0.1805642
2016-06-16 23:28:41.697 3984 INFO nova.osapi_compute.wsgi.server [req-2765c8ae-a842-418e-b064-0289f64bf78f 067a3363c5984f81a7cfa2eda5d1ebf3 d524c8dfd9e9449798ebac9b025f8de6 - - -] 10.0.4.1 "GET /v2/d524c8dfd9e9449798ebac9b025f8de6/flavors/9a489b6c-885e-453c-a6f0-35d8067e6108 HTTP/1.1" status: 200 len: 718 time: 0.0404801 ==> /var/log/neutron/neutron-server.log <==
2016-06-16 23:28:41.742 3926 INFO neutron.wsgi [req-1a525a74-962d-44a3-a73f-bb0a66075ddd 067a3363c5984f81a7cfa2eda5d1ebf3 d524c8dfd9e9449798ebac9b025f8de6 - - -] 10.0.4.1 - - [16/Jun/2016 23:28:41] "GET /v2.0/ports.json?device_id=5193c2d9-0aaf-4f84-b108-f6884d97b571 HTTP/1.1" 200 211 0.039645
2016-06-16 23:28:41.767 3928 INFO neutron.wsgi [req-1df9d190-dffb-41e1-a4a7-92bf848ea31a 067a3363c5984f81a7cfa2eda5d1ebf3 d524c8dfd9e9449798ebac9b025f8de6 - - -] 10.0.4.1 - - [16/Jun/2016 23:28:41] "GET /v2.0/floatingips.json?tenant_id=d524c8dfd9e9449798ebac9b025f8de6 HTTP/1.1" 200 217 0.018895
2016-06-16 23:28:42.020 3924 INFO neutron.wsgi [req-ba43315e-43fb-4daa-8eb6-609bd0cb9f57 067a3363c5984f81a7cfa2eda5d1ebf3 d524c8dfd9e9449798ebac9b025f8de6 - - -] 10.0.4.1 - - [16/Jun/2016 23:28:42] "GET /v2.0/ports.json?tenant_id=d524c8dfd9e9449798ebac9b025f8de6 HTTP/1.1" 200 1855 0.248843
2016-06-16 23:28:42.125 3924 INFO neutron.wsgi [req-1ff1bfca-ce95-4cc0-963d-528d4f37aec3 067a3363c5984f81a7cfa2eda5d1ebf3 d524c8dfd9e9449798ebac9b025f8de6 - - -] 10.0.4.1 - - [16/Jun/2016 23:28:42] "GET /v2.0/networks.json HTTP/1.1" 200 1429 0.099573
2016-06-16 23:28:42.205 3915 INFO neutron.wsgi [req-6cdaa0a9-4fef-48f5-96ee-6020f5a04f02 067a3363c5984f81a7cfa2eda5d1ebf3 d524c8dfd9e9449798ebac9b025f8de6 - - -] 10.0.4.1 - - [16/Jun/2016 23:28:42] "GET /v2.0/subnets.json HTTP/1.1" 200 1362 0.075189
2016-06-16 23:28:42.220 3923 INFO neutron.wsgi [req-d490726d-f09a-4b2e-98f1-296aa73d2e68 067a3363c5984f81a7cfa2eda5d1ebf3 d524c8dfd9e9449798ebac9b025f8de6 - - -] 10.0.4.1 - - [16/Jun/2016 23:28:42] "GET /v2.0/extensions.json HTTP/1.1" 200 5995 0.004446 ==> /var/log/nova/nova-api.log <==
2016-06-16 23:28:42.304 3982 INFO nova.osapi_compute.wsgi.server [req-8da9871c-1d88-4593-b510-e827e0aa2b4a 067a3363c5984f81a7cfa2eda5d1ebf3 d524c8dfd9e9449798ebac9b025f8de6 - - -] 10.0.4.1 "GET /v2/d524c8dfd9e9449798ebac9b025f8de6/extensions HTTP/1.1" status: 200 len: 21880 time: 0.0743380 ==> /var/log/heat/heat-engine.log <==
2016-06-16 23:28:43.960 3523 INFO heat.engine.service [req-ccb6554c-9979-41ca-905e-b22e5bb0c149 - - - - -] Service 740bc7de-86e7-4c97-8377-7ed141be0e8f is updated
2016-06-16 23:28:44.380 3537 INFO heat.engine.service [req-65ffb6e8-b86a-43a2-97a0-d7340ea02a3b - - - - -] Service 5e758177-6fde-4437-92c1-b75cacb0756d is updated ==> /var/log/designate/designate-zone-manager.log <==
2016-06-16 23:28:44.445 27987 INFO designate.policy [req-16587460-5125-4c86-964b-6c7163dc4015 - - - - -] Policy check succeeded for rule 'all_tenants' on target {}
2016-06-16 23:28:44.446 27987 INFO designate.central.rpcapi [req-16587460-5125-4c86-964b-6c7163dc4015 - - - - -] find_zones: Calling central's find_zones. ==> /var/log/designate/designate-central.log <==
2016-06-16 23:28:44.452 27622 INFO designate.policy [req-16587460-5125-4c86-964b-6c7163dc4015 - - - - -] Policy check succeeded for rule 'all_tenants' on target {}
2016-06-16 23:28:44.454 27622 INFO designate.policy [req-16587460-5125-4c86-964b-6c7163dc4015 - - - - -] Policy check succeeded for rule 'find_zones' on target {'tenant_id': None} ==> /var/log/heat/heat-engine.log <==
2016-06-16 23:28:44.788 3522 INFO heat.engine.service [req-66bbbe51-54f9-47ff-ac19-16b9ecce401d - - - - -] Service a5d15b05-a809-48e4-96de-435eaaeafedf is updated
2016-06-16 23:28:44.873 3538 INFO heat.engine.service [req-e8f7606b-d7de-45a5-955b-216b21cc076e - - - - -] Service 3367c412-3eeb-4d59-86e9-493a8688ad4e is updated
2016-06-16 23:28:44.963 3539 INFO heat.engine.service [req-cf0f7ee3-922f-43e0-8805-595a98a0e16d - - - - -] Service b2d2406f-51d6-4946-a44e-fecf9fbbf338 is updated
2016-06-16 23:28:44.999 3527 INFO heat.engine.service [req-604d3892-152d-4170-97ab-6e8cbecc37d5 - - - - -] Service 3dac9355-9a6e-447e-8d32-c20eb3944b05 is updated
2016-06-16 23:28:45.299 3540 INFO heat.engine.service [req-823a32c2-3f5b-4ce6-bfc7-6aa2e750f6c7 - - - - -] Service 0783da96-0da8-4816-b1d8-b3582bdaba73 is updated
2016-06-16 23:28:45.342 3520 INFO heat.engine.service [req-dd0382e4-5c43-4f69-8db4-e652bcd3a04c - - - - -] Service 2c7693d2-4a9c-4dbf-b60e-0bdf71a9c94c is updated
2016-06-16 23:28:45.361 3531 INFO heat.engine.service [req-da627b88-86b0-448e-b3a9-ecfb7167139c - - - - -] Service fe7681f4-1ae8-40b1-a635-58aecbd64b6c is updated
2016-06-16 23:28:45.361 3541 INFO heat.engine.service [req-11ceb055-e159-4031-bd0b-35cd6d54cd67 - - - - -] Service aab8d364-1140-4f78-a635-d7152a68068b is updated
2016-06-16 23:28:45.451 3536 INFO heat.engine.service [req-b908b240-ee7b-49f1-9df0-597f61be0b20 - - - - -] Service 5a08d536-caac-42b3-b90a-1b9852522322 is updated
2016-06-16 23:28:45.487 3525 INFO heat.engine.service [req-6a840fe8-b665-4a9a-a671-15024e9f39ab - - - - -] Service f8ce8701-f8d0-4acd-aee1-7e2a8d40aa53 is updated
2016-06-16 23:28:45.517 3533 INFO heat.engine.service [req-22a007fe-4e90-4bdc-bf8a-5cddfef12314 - - - - -] Service 322660e3-8589-4a55-826f-d2371480347d is updated
2016-06-16 23:28:45.554 3517 INFO heat.engine.service [req-1bdcda9f-e6b1-450f-8afe-ab90144e8b83 - - - - -] Service e3ac5d91-44f1-41d1-9bee-6ae23b9c5828 is updated
2016-06-16 23:28:45.584 3535 INFO heat.engine.service [req-ec824191-070c-428d-9c1d-1ecea47c300f - - - - -] Service ee01ac21-da01-48df-8133-1fb44e5d5bd3 is updated
2016-06-16 23:28:45.674 3516 INFO heat.engine.service [req-b19c4d93-7da7-4649-83a9-188030b7ca02 - - - - -] Service 0339ebb0-777d-4281-bdb7-2b96fdda71bc is updated ==> /var/log/designate/designate-pool-manager.log <==
2016-06-16 23:28:46.421 27773 INFO designate.central.rpcapi [req-b124337a-b318-468c-a79b-47cfdc823fd4 - - - - -] get_pool: Calling central's get_pool. ==> /var/log/designate/designate-central.log <==
2016-06-16 23:28:46.428 27622 INFO designate.policy [req-b124337a-b318-468c-a79b-47cfdc823fd4 - - - - -] Policy check succeeded for rule 'get_pool' on target {} ==> /var/log/designate/designate-pool-manager.log <==
2016-06-16 23:28:46.456 27773 ERROR designate.pool_manager.service [req-b124337a-b318-468c-a79b-47cfdc823fd4 - - - - -] No targets for found. ==> /var/log/designate/designate-zone-manager.log <==
2016-06-16 23:28:49.448 27987 INFO designate.policy [req-1acb7af9-f07d-463f-b122-891bfa41428f - - - - -] Policy check succeeded for rule 'all_tenants' on target {}
2016-06-16 23:28:49.448 27987 INFO designate.central.rpcapi [req-1acb7af9-f07d-463f-b122-891bfa41428f - - - - -] find_zones: Calling central's find_zones. ==> /var/log/designate/designate-central.log <==
2016-06-16 23:28:49.455 27622 INFO designate.policy [req-1acb7af9-f07d-463f-b122-891bfa41428f - - - - -] Policy check succeeded for rule 'all_tenants' on target {}
2016-06-16 23:28:49.456 27622 INFO designate.policy [req-1acb7af9-f07d-463f-b122-891bfa41428f - - - - -] Policy check succeeded for rule 'find_zones' on target {'tenant_id': None} ==> /var/log/cinder/cinder-api.log <==
2016-06-16 23:28:50.092 3969 INFO cinder.api.openstack.wsgi [req-191f0f28-ea4d-49ba-87a7-7e0a27055bac 067a3363c5984f81a7cfa2eda5d1ebf3 d524c8dfd9e9449798ebac9b025f8de6 - - -] GET http://10.0.4.1:8776/v2/d524c8dfd9e9449798ebac9b025f8de6/volumes/6b1dace4-78e1-452b-a455-c0fc882374f3
2016-06-16 23:28:50.328 3969 INFO cinder.volume.api [req-191f0f28-ea4d-49ba-87a7-7e0a27055bac 067a3363c5984f81a7cfa2eda5d1ebf3 d524c8dfd9e9449798ebac9b025f8de6 - - -] Volume info retrieved successfully.
2016-06-16 23:28:50.335 3969 INFO cinder.api.openstack.wsgi [req-191f0f28-ea4d-49ba-87a7-7e0a27055bac 067a3363c5984f81a7cfa2eda5d1ebf3 d524c8dfd9e9449798ebac9b025f8de6 - - -] http://10.0.4.1:8776/v2/d524c8dfd9e9449798ebac9b025f8de6/volumes/6b1dace4-78e1-452b-a455-c0fc882374f3 returned with HTTP 200
2016-06-16 23:28:50.337 3969 INFO eventlet.wsgi.server [req-191f0f28-ea4d-49ba-87a7-7e0a27055bac 067a3363c5984f81a7cfa2eda5d1ebf3 d524c8dfd9e9449798ebac9b025f8de6 - - -] 10.0.4.5 "GET /v2/d524c8dfd9e9449798ebac9b025f8de6/volumes/6b1dace4-78e1-452b-a455-c0fc882374f3 HTTP/1.1" status: 200 len: 1270 time: 0.2515500 ==> /var/log/designate/designate-pool-manager.log <==
2016-06-16 23:28:51.457 27773 INFO designate.central.rpcapi [req-b124337a-b318-468c-a79b-47cfdc823fd4 - - - - -] get_pool: Calling central's get_pool. ==> /var/log/designate/designate-central.log <==
2016-06-16 23:28:51.464 27622 INFO designate.policy [req-b124337a-b318-468c-a79b-47cfdc823fd4 - - - - -] Policy check succeeded for rule 'get_pool' on target {} ==> /var/log/designate/designate-pool-manager.log <==
2016-06-16 23:28:51.492 27773 ERROR designate.pool_manager.service [req-b124337a-b318-468c-a79b-47cfdc823fd4 - - - - -] No targets for found. ==> /var/log/designate/designate-zone-manager.log <==
2016-06-16 23:28:54.451 27987 INFO designate.policy [req-0e07cf93-0abd-4049-ab33-021726ffefbd - - - - -] Policy check succeeded for rule 'all_tenants' on target {}
2016-06-16 23:28:54.452 27987 INFO designate.central.rpcapi [req-0e07cf93-0abd-4049-ab33-021726ffefbd - - - - -] find_zones: Calling central's find_zones. ==> /var/log/designate/designate-central.log <==
2016-06-16 23:28:54.459 27622 INFO designate.policy [req-0e07cf93-0abd-4049-ab33-021726ffefbd - - - - -] Policy check succeeded for rule 'all_tenants' on target {}
2016-06-16 23:28:54.460 27622 INFO designate.policy [req-0e07cf93-0abd-4049-ab33-021726ffefbd - - - - -] Policy check succeeded for rule 'find_zones' on target {'tenant_id': None} ==> /var/log/designate/designate-pool-manager.log <==
2016-06-16 23:28:56.493 27773 INFO designate.central.rpcapi [req-b124337a-b318-468c-a79b-47cfdc823fd4 - - - - -] get_pool: Calling central's get_pool. ==> /var/log/designate/designate-central.log <==
2016-06-16 23:28:56.500 27622 INFO designate.policy [req-b124337a-b318-468c-a79b-47cfdc823fd4 - - - - -] Policy check succeeded for rule 'get_pool' on target {} ==> /var/log/designate/designate-pool-manager.log <==
2016-06-16 23:28:56.528 27773 ERROR designate.pool_manager.service [req-b124337a-b318-468c-a79b-47cfdc823fd4 - - - - -] No targets for found. ==> /var/log/neutron/neutron-server.log <==
2016-06-16 23:28:57.658 3927 INFO neutron.wsgi [req-0e8d03d7-eaf7-46db-88d5-ffef54ba3eb3 067a3363c5984f81a7cfa2eda5d1ebf3 d524c8dfd9e9449798ebac9b025f8de6 - - -] 10.0.4.1 - - [16/Jun/2016 23:28:57] "GET /v2.0/ports.json?device_id=5193c2d9-0aaf-4f84-b108-f6884d97b571 HTTP/1.1" 200 211 0.044692 ==> /var/log/nova/nova-api.log <==
2016-06-16 23:28:57.661 3991 INFO nova.osapi_compute.wsgi.server [req-bd1ffe75-43c8-4af5-80ca-b4a17bd4cfeb 067a3363c5984f81a7cfa2eda5d1ebf3 d524c8dfd9e9449798ebac9b025f8de6 - - -] 10.0.4.1 "GET /v2/d524c8dfd9e9449798ebac9b025f8de6/servers/5193c2d9-0aaf-4f84-b108-f6884d97b571 HTTP/1.1" status: 200 len: 1592 time: 0.1816831
2016-06-16 23:28:57.697 3997 INFO nova.osapi_compute.wsgi.server [req-d2790b1b-ed98-4813-8a98-dc30b1905a36 067a3363c5984f81a7cfa2eda5d1ebf3 d524c8dfd9e9449798ebac9b025f8de6 - - -] 10.0.4.1 "GET /v2/d524c8dfd9e9449798ebac9b025f8de6/flavors/9a489b6c-885e-453c-a6f0-35d8067e6108 HTTP/1.1" status: 200 len: 718 time: 0.0291660 ==> /var/log/neutron/neutron-server.log <==
2016-06-16 23:28:57.744 3926 INFO neutron.wsgi [req-f3468351-60e9-4135-bff9-1cec9c1eb0d7 067a3363c5984f81a7cfa2eda5d1ebf3 d524c8dfd9e9449798ebac9b025f8de6 - - -] 10.0.4.1 - - [16/Jun/2016 23:28:57] "GET /v2.0/ports.json?device_id=5193c2d9-0aaf-4f84-b108-f6884d97b571 HTTP/1.1" 200 211 0.040771
2016-06-16 23:28:57.770 3922 INFO neutron.wsgi [req-5f76a64b-084f-4d44-b5b5-41ca862edf8b 067a3363c5984f81a7cfa2eda5d1ebf3 d524c8dfd9e9449798ebac9b025f8de6 - - -] 10.0.4.1 - - [16/Jun/2016 23:28:57] "GET /v2.0/floatingips.json?tenant_id=d524c8dfd9e9449798ebac9b025f8de6 HTTP/1.1" 200 217 0.021082
2016-06-16 23:28:57.826 3916 INFO neutron.wsgi [req-29aa18a4-2909-48ba-b750-a52f8da424a2 067a3363c5984f81a7cfa2eda5d1ebf3 d524c8dfd9e9449798ebac9b025f8de6 - - -] 10.0.4.1 - - [16/Jun/2016 23:28:57] "GET /v2.0/ports.json?tenant_id=d524c8dfd9e9449798ebac9b025f8de6 HTTP/1.1" 200 1855 0.051243
2016-06-16 23:28:57.917 3920 INFO neutron.wsgi [req-bd075e96-feed-4778-8cdd-74ba9b7336b0 067a3363c5984f81a7cfa2eda5d1ebf3 d524c8dfd9e9449798ebac9b025f8de6 - - -] 10.0.4.1 - - [16/Jun/2016 23:28:57] "GET /v2.0/networks.json HTTP/1.1" 200 1429 0.086121
2016-06-16 23:28:57.994 3923 INFO neutron.wsgi [req-b174c78d-d0fe-423f-b3bc-202f2913c431 067a3363c5984f81a7cfa2eda5d1ebf3 d524c8dfd9e9449798ebac9b025f8de6 - - -] 10.0.4.1 - - [16/Jun/2016 23:28:57] "GET /v2.0/subnets.json HTTP/1.1" 200 1362 0.072157
2016-06-16 23:28:58.010 3923 INFO neutron.wsgi [req-a4a3cbd2-19ed-4887-85bc-bde2c9ac10c9 067a3363c5984f81a7cfa2eda5d1ebf3 d524c8dfd9e9449798ebac9b025f8de6 - - -] 10.0.4.1 - - [16/Jun/2016 23:28:58] "GET /v2.0/extensions.json HTTP/1.1" 200 5995 0.004321 ==> /var/log/nova/nova-api.log <==
2016-06-16 23:28:58.084 3997 INFO nova.osapi_compute.wsgi.server [req-b02ff53a-895c-457a-a2ea-3e41bbaca751 067a3363c5984f81a7cfa2eda5d1ebf3 d524c8dfd9e9449798ebac9b025f8de6 - - -] 10.0.4.1 "GET /v2/d524c8dfd9e9449798ebac9b025f8de6/extensions HTTP/1.1" status: 200 len: 21880 time: 0.0648479 ==> /var/log/designate/designate-zone-manager.log <==
2016-06-16 23:28:59.453 27987 INFO designate.policy [req-20b752d4-be3e-4492-827a-98d77f3a2242 - - - - -] Policy check succeeded for rule 'all_tenants' on target {}
2016-06-16 23:28:59.454 27987 INFO designate.central.rpcapi [req-20b752d4-be3e-4492-827a-98d77f3a2242 - - - - -] find_zones: Calling central's find_zones. ==> /var/log/designate/designate-central.log <==
2016-06-16 23:28:59.461 27622 INFO designate.policy [req-20b752d4-be3e-4492-827a-98d77f3a2242 - - - - -] Policy check succeeded for rule 'all_tenants' on target {}
2016-06-16 23:28:59.462 27622 INFO designate.policy [req-20b752d4-be3e-4492-827a-98d77f3a2242 - - - - -] Policy check succeeded for rule 'find_zones' on target {'tenant_id': None} ==> /var/log/cinder/cinder-api.log <==
2016-06-16 23:29:00.344 3969 INFO cinder.api.openstack.wsgi [req-3b3b4555-d7d8-48cf-8bf3-df649a412543 067a3363c5984f81a7cfa2eda5d1ebf3 d524c8dfd9e9449798ebac9b025f8de6 - - -] GET http://10.0.4.1:8776/v2/d524c8dfd9e9449798ebac9b025f8de6/volumes/6b1dace4-78e1-452b-a455-c0fc882374f3
2016-06-16 23:29:00.557 3969 INFO cinder.volume.api [req-3b3b4555-d7d8-48cf-8bf3-df649a412543 067a3363c5984f81a7cfa2eda5d1ebf3 d524c8dfd9e9449798ebac9b025f8de6 - - -] Volume info retrieved successfully.
2016-06-16 23:29:00.564 3969 INFO cinder.api.openstack.wsgi [req-3b3b4555-d7d8-48cf-8bf3-df649a412543 067a3363c5984f81a7cfa2eda5d1ebf3 d524c8dfd9e9449798ebac9b025f8de6 - - -] http://10.0.4.1:8776/v2/d524c8dfd9e9449798ebac9b025f8de6/volumes/6b1dace4-78e1-452b-a455-c0fc882374f3 returned with HTTP 200
2016-06-16 23:29:00.566 3969 INFO eventlet.wsgi.server [req-3b3b4555-d7d8-48cf-8bf3-df649a412543 067a3363c5984f81a7cfa2eda5d1ebf3 d524c8dfd9e9449798ebac9b025f8de6 - - -] 10.0.4.5 "GET /v2/d524c8dfd9e9449798ebac9b025f8de6/volumes/6b1dace4-78e1-452b-a455-c0fc882374f3 HTTP/1.1" status: 200 len: 1270 time: 0.2257462 ==> /var/log/designate/designate-pool-manager.log <==
2016-06-16 23:29:01.529 27773 INFO designate.central.rpcapi [req-b124337a-b318-468c-a79b-47cfdc823fd4 - - - - -] get_pool: Calling central's get_pool. ==> /var/log/designate/designate-central.log <==
2016-06-16 23:29:01.537 27622 INFO designate.policy [req-b124337a-b318-468c-a79b-47cfdc823fd4 - - - - -] Policy check succeeded for rule 'get_pool' on target {} ==> /var/log/designate/designate-pool-manager.log <==
2016-06-16 23:29:01.568 27773 ERROR designate.pool_manager.service [req-b124337a-b318-468c-a79b-47cfdc823fd4 - - - - -] No targets for found. ==> /var/log/designate/designate-zone-manager.log <==
2016-06-16 23:29:04.456 27987 INFO designate.policy [req-aabc5f57-03b3-4fd1-8b4b-3ab743e7cbe1 - - - - -] Policy check succeeded for rule 'all_tenants' on target {}
2016-06-16 23:29:04.457 27987 INFO designate.central.rpcapi [req-aabc5f57-03b3-4fd1-8b4b-3ab743e7cbe1 - - - - -] find_zones: Calling central's find_zones. ==> /var/log/designate/designate-central.log <==
2016-06-16 23:29:04.464 27622 INFO designate.policy [req-aabc5f57-03b3-4fd1-8b4b-3ab743e7cbe1 - - - - -] Policy check succeeded for rule 'all_tenants' on target {}
2016-06-16 23:29:04.465 27622 INFO designate.policy [req-aabc5f57-03b3-4fd1-8b4b-3ab743e7cbe1 - - - - -] Policy check succeeded for rule 'find_zones' on target {'tenant_id': None} ==> /var/log/designate/designate-pool-manager.log <==
2016-06-16 23:29:06.569 27773 INFO designate.central.rpcapi [req-b124337a-b318-468c-a79b-47cfdc823fd4 - - - - -] get_pool: Calling central's get_pool. ==> /var/log/designate/designate-central.log <==
2016-06-16 23:29:06.575 27622 INFO designate.policy [req-b124337a-b318-468c-a79b-47cfdc823fd4 - - - - -] Policy check succeeded for rule 'get_pool' on target {} ==> /var/log/designate/designate-pool-manager.log <==
2016-06-16 23:29:06.603 27773 ERROR designate.pool_manager.service [req-b124337a-b318-468c-a79b-47cfdc823fd4 - - - - -] No targets for found. ==> /var/log/designate/designate-zone-manager.log <==
2016-06-16 23:29:09.459 27987 INFO designate.policy [req-2c392fa9-ed61-493e-9e4e-e376f185dd7f - - - - -] Policy check succeeded for rule 'all_tenants' on target {}
2016-06-16 23:29:09.460 27987 INFO designate.central.rpcapi [req-2c392fa9-ed61-493e-9e4e-e376f185dd7f - - - - -] find_zones: Calling central's find_zones. ==> /var/log/designate/designate-central.log <==
2016-06-16 23:29:09.466 27622 INFO designate.policy [req-2c392fa9-ed61-493e-9e4e-e376f185dd7f - - - - -] Policy check succeeded for rule 'all_tenants' on target {}
2016-06-16 23:29:09.467 27622 INFO designate.policy [req-2c392fa9-ed61-493e-9e4e-e376f185dd7f - - - - -] Policy check succeeded for rule 'find_zones' on target {'tenant_id': None} ==> /var/log/cinder/cinder-api.log <==
2016-06-16 23:29:10.573 3969 INFO cinder.api.openstack.wsgi [req-8611713c-545b-407d-ae9b-154d8cd1a83b 067a3363c5984f81a7cfa2eda5d1ebf3 d524c8dfd9e9449798ebac9b025f8de6 - - -] GET http://10.0.4.1:8776/v2/d524c8dfd9e9449798ebac9b025f8de6/volumes/6b1dace4-78e1-452b-a455-c0fc882374f3
2016-06-16 23:29:10.802 3969 INFO cinder.volume.api [req-8611713c-545b-407d-ae9b-154d8cd1a83b 067a3363c5984f81a7cfa2eda5d1ebf3 d524c8dfd9e9449798ebac9b025f8de6 - - -] Volume info retrieved successfully.
2016-06-16 23:29:10.810 3969 INFO cinder.api.openstack.wsgi [req-8611713c-545b-407d-ae9b-154d8cd1a83b 067a3363c5984f81a7cfa2eda5d1ebf3 d524c8dfd9e9449798ebac9b025f8de6 - - -] http://10.0.4.1:8776/v2/d524c8dfd9e9449798ebac9b025f8de6/volumes/6b1dace4-78e1-452b-a455-c0fc882374f3 returned with HTTP 200
2016-06-16 23:29:10.812 3969 INFO eventlet.wsgi.server [req-8611713c-545b-407d-ae9b-154d8cd1a83b 067a3363c5984f81a7cfa2eda5d1ebf3 d524c8dfd9e9449798ebac9b025f8de6 - - -] 10.0.4.5 "GET /v2/d524c8dfd9e9449798ebac9b025f8de6/volumes/6b1dace4-78e1-452b-a455-c0fc882374f3 HTTP/1.1" status: 200 len: 1270 time: 0.2431979 ==> /var/log/designate/designate-pool-manager.log <==
2016-06-16 23:29:11.604 27773 INFO designate.central.rpcapi [req-b124337a-b318-468c-a79b-47cfdc823fd4 - - - - -] get_pool: Calling central's get_pool. ==> /var/log/designate/designate-central.log <==
2016-06-16 23:29:11.611 27622 INFO designate.policy [req-b124337a-b318-468c-a79b-47cfdc823fd4 - - - - -] Policy check succeeded for rule 'get_pool' on target {} ==> /var/log/designate/designate-pool-manager.log <==
2016-06-16 23:29:11.640 27773 ERROR designate.pool_manager.service [req-b124337a-b318-468c-a79b-47cfdc823fd4 - - - - -] No targets for found. ==> /var/log/manila/manila-share.log <==
2016-06-16 23:29:13.458 3497 INFO manila.share.manager [req-723a4b30-8a58-4bbc-93fe-50eebdb88cf3 - - - - -] Updating share status ==> /var/log/manila/manila-scheduler.log <==
2016-06-16 23:29:13.460 3001 WARNING manila.context [-] Arguments dropped when creating context: {u'read_only': False, u'domain': None, u'show_deleted': False, u'user_identity': u'- - - - -', u'project_domain': None, u'resource_uuid': None, u'user_domain': None}. ==> /var/log/designate/designate-zone-manager.log <==
2016-06-16 23:29:14.462 27987 INFO designate.policy [req-1f37cff0-aa26-4209-b864-2edf2568e833 - - - - -] Policy check succeeded for rule 'all_tenants' on target {}
2016-06-16 23:29:14.463 27987 INFO designate.central.rpcapi [req-1f37cff0-aa26-4209-b864-2edf2568e833 - - - - -] find_zones: Calling central's find_zones. ==> /var/log/designate/designate-central.log <==
2016-06-16 23:29:14.470 27622 INFO designate.policy [req-1f37cff0-aa26-4209-b864-2edf2568e833 - - - - -] Policy check succeeded for rule 'all_tenants' on target {}
2016-06-16 23:29:14.471 27622 INFO designate.policy [req-1f37cff0-aa26-4209-b864-2edf2568e833 - - - - -] Policy check succeeded for rule 'find_zones' on target {'tenant_id': None} ==> /var/log/neutron/neutron-server.log <==
2016-06-16 23:29:16.152 3920 INFO neutron.wsgi [req-1454405c-acf9-4993-a784-6167ff2fa931 067a3363c5984f81a7cfa2eda5d1ebf3 d524c8dfd9e9449798ebac9b025f8de6 - - -] 10.0.4.1 - - [16/Jun/2016 23:29:16] "GET /v2.0/ports.json?device_id=5193c2d9-0aaf-4f84-b108-f6884d97b571 HTTP/1.1" 200 211 0.040038 ==> /var/log/nova/nova-api.log <==
2016-06-16 23:29:16.155 3980 INFO nova.osapi_compute.wsgi.server [req-d6b695e0-add7-4b57-af0e-6a3398edfffd 067a3363c5984f81a7cfa2eda5d1ebf3 d524c8dfd9e9449798ebac9b025f8de6 - - -] 10.0.4.1 "GET /v2/d524c8dfd9e9449798ebac9b025f8de6/servers/5193c2d9-0aaf-4f84-b108-f6884d97b571 HTTP/1.1" status: 200 len: 1592 time: 0.3543041
2016-06-16 23:29:16.202 3980 INFO nova.osapi_compute.wsgi.server [req-0cac8dd1-e40c-4d1b-ba86-849bb0ee10e8 067a3363c5984f81a7cfa2eda5d1ebf3 d524c8dfd9e9449798ebac9b025f8de6 - - -] 10.0.4.1 "GET /v2/d524c8dfd9e9449798ebac9b025f8de6/flavors/9a489b6c-885e-453c-a6f0-35d8067e6108 HTTP/1.1" status: 200 len: 718 time: 0.0403161 ==> /var/log/neutron/neutron-server.log <==
2016-06-16 23:29:16.251 3923 INFO neutron.wsgi [req-14f71d5d-cf40-414e-968f-5cafb4f65b70 067a3363c5984f81a7cfa2eda5d1ebf3 d524c8dfd9e9449798ebac9b025f8de6 - - -] 10.0.4.1 - - [16/Jun/2016 23:29:16] "GET /v2.0/ports.json?device_id=5193c2d9-0aaf-4f84-b108-f6884d97b571 HTTP/1.1" 200 211 0.043367
2016-06-16 23:29:16.274 3923 INFO neutron.wsgi [req-a8383a72-fcd0-4772-84b3-075989c1c12a 067a3363c5984f81a7cfa2eda5d1ebf3 d524c8dfd9e9449798ebac9b025f8de6 - - -] 10.0.4.1 - - [16/Jun/2016 23:29:16] "GET /v2.0/floatingips.json?tenant_id=d524c8dfd9e9449798ebac9b025f8de6 HTTP/1.1" 200 217 0.018047
2016-06-16 23:29:16.321 3921 INFO neutron.wsgi [req-27dfeebd-a65b-4a16-93d9-5de3c4da672a 067a3363c5984f81a7cfa2eda5d1ebf3 d524c8dfd9e9449798ebac9b025f8de6 - - -] 10.0.4.1 - - [16/Jun/2016 23:29:16] "GET /v2.0/ports.json?tenant_id=d524c8dfd9e9449798ebac9b025f8de6 HTTP/1.1" 200 1855 0.043005
2016-06-16 23:29:16.408 3921 INFO neutron.wsgi [req-df8e4ef4-8c7d-4ad3-9bf0-0fd771046a6a 067a3363c5984f81a7cfa2eda5d1ebf3 d524c8dfd9e9449798ebac9b025f8de6 - - -] 10.0.4.1 - - [16/Jun/2016 23:29:16] "GET /v2.0/networks.json HTTP/1.1" 200 1429 0.081550
2016-06-16 23:29:16.488 3921 INFO neutron.wsgi [req-41ec31a1-5a84-4820-8f19-bb55e4446d7e 067a3363c5984f81a7cfa2eda5d1ebf3 d524c8dfd9e9449798ebac9b025f8de6 - - -] 10.0.4.1 - - [16/Jun/2016 23:29:16] "GET /v2.0/subnets.json HTTP/1.1" 200 1362 0.073924
2016-06-16 23:29:16.503 3921 INFO neutron.wsgi [req-69f1767e-8413-4b56-a3e9-42eca802752b 067a3363c5984f81a7cfa2eda5d1ebf3 d524c8dfd9e9449798ebac9b025f8de6 - - -] 10.0.4.1 - - [16/Jun/2016 23:29:16] "GET /v2.0/extensions.json HTTP/1.1" 200 5995 0.004471 ==> /var/log/nova/nova-api.log <==
2016-06-16 23:29:16.578 3984 INFO nova.osapi_compute.wsgi.server [req-c537eb2f-737c-4278-894c-39731b8a79d0 067a3363c5984f81a7cfa2eda5d1ebf3 d524c8dfd9e9449798ebac9b025f8de6 - - -] 10.0.4.1 "GET /v2/d524c8dfd9e9449798ebac9b025f8de6/extensions HTTP/1.1" status: 200 len: 21880 time: 0.0660269 ==> /var/log/designate/designate-pool-manager.log <==
2016-06-16 23:29:16.641 27773 INFO designate.central.rpcapi [req-b124337a-b318-468c-a79b-47cfdc823fd4 - - - - -] get_pool: Calling central's get_pool. ==> /var/log/designate/designate-central.log <==
2016-06-16 23:29:16.648 27622 INFO designate.policy [req-b124337a-b318-468c-a79b-47cfdc823fd4 - - - - -] Policy check succeeded for rule 'get_pool' on target {} ==> /var/log/designate/designate-pool-manager.log <==
2016-06-16 23:29:16.678 27773 ERROR designate.pool_manager.service [req-b124337a-b318-468c-a79b-47cfdc823fd4 - - - - -] No targets for found. ==> /var/log/designate/designate-zone-manager.log <==
2016-06-16 23:29:19.466 27987 INFO designate.policy [req-08ee0f98-380c-4657-9eb3-d85a8de55398 - - - - -] Policy check succeeded for rule 'all_tenants' on target {}
2016-06-16 23:29:19.467 27987 INFO designate.central.rpcapi [req-08ee0f98-380c-4657-9eb3-d85a8de55398 - - - - -] find_zones: Calling central's find_zones. ==> /var/log/designate/designate-central.log <==
2016-06-16 23:29:19.474 27622 INFO designate.policy [req-08ee0f98-380c-4657-9eb3-d85a8de55398 - - - - -] Policy check succeeded for rule 'all_tenants' on target {}
2016-06-16 23:29:19.475 27622 INFO designate.policy [req-08ee0f98-380c-4657-9eb3-d85a8de55398 - - - - -] Policy check succeeded for rule 'find_zones' on target {'tenant_id': None} ==> /var/log/nova/nova-scheduler.log <==
2016-06-16 23:29:19.505 2944 INFO nova.scheduler.host_manager [req-6bad42eb-d385-42e6-98aa-d5236b587501 - - - - -] Successfully synced instances from host 'bladeA03b'. ==> /var/log/cinder/cinder-api.log <==
2016-06-16 23:29:20.819 3969 INFO cinder.api.openstack.wsgi [req-67f29d0b-6d6d-419e-8970-297f7938a3c8 067a3363c5984f81a7cfa2eda5d1ebf3 d524c8dfd9e9449798ebac9b025f8de6 - - -] GET http://10.0.4.1:8776/v2/d524c8dfd9e9449798ebac9b025f8de6/volumes/6b1dace4-78e1-452b-a455-c0fc882374f3
2016-06-16 23:29:21.056 3969 INFO cinder.volume.api [req-67f29d0b-6d6d-419e-8970-297f7938a3c8 067a3363c5984f81a7cfa2eda5d1ebf3 d524c8dfd9e9449798ebac9b025f8de6 - - -] Volume info retrieved successfully.
2016-06-16 23:29:21.064 3969 INFO cinder.api.openstack.wsgi [req-67f29d0b-6d6d-419e-8970-297f7938a3c8 067a3363c5984f81a7cfa2eda5d1ebf3 d524c8dfd9e9449798ebac9b025f8de6 - - -] http://10.0.4.1:8776/v2/d524c8dfd9e9449798ebac9b025f8de6/volumes/6b1dace4-78e1-452b-a455-c0fc882374f3 returned with HTTP 200
2016-06-16 23:29:21.066 3969 INFO eventlet.wsgi.server [req-67f29d0b-6d6d-419e-8970-297f7938a3c8 067a3363c5984f81a7cfa2eda5d1ebf3 d524c8dfd9e9449798ebac9b025f8de6 - - -] 10.0.4.5 "GET /v2/d524c8dfd9e9449798ebac9b025f8de6/volumes/6b1dace4-78e1-452b-a455-c0fc882374f3 HTTP/1.1" status: 200 len: 1270 time: 0.2506139 ==> /var/log/designate/designate-pool-manager.log <==
2016-06-16 23:29:21.679 27773 INFO designate.central.rpcapi [req-b124337a-b318-468c-a79b-47cfdc823fd4 - - - - -] get_pool: Calling central's get_pool. ==> /var/log/designate/designate-central.log <==
2016-06-16 23:29:21.686 27622 INFO designate.policy [req-b124337a-b318-468c-a79b-47cfdc823fd4 - - - - -] Policy check succeeded for rule 'get_pool' on target {} ==> /var/log/designate/designate-pool-manager.log <==
2016-06-16 23:29:21.716 27773 ERROR designate.pool_manager.service [req-b124337a-b318-468c-a79b-47cfdc823fd4 - - - - -] No targets for found. ==> /var/log/designate/designate-zone-manager.log <==
2016-06-16 23:29:24.469 27987 INFO designate.policy [req-c53a06de-84a3-489b-8030-77144aac27e4 - - - - -] Policy check succeeded for rule 'all_tenants' on target {}
2016-06-16 23:29:24.470 27987 INFO designate.central.rpcapi [req-c53a06de-84a3-489b-8030-77144aac27e4 - - - - -] find_zones: Calling central's find_zones. ==> /var/log/designate/designate-central.log <==
2016-06-16 23:29:24.477 27622 INFO designate.policy [req-c53a06de-84a3-489b-8030-77144aac27e4 - - - - -] Policy check succeeded for rule 'all_tenants' on target {}
2016-06-16 23:29:24.478 27622 INFO designate.policy [req-c53a06de-84a3-489b-8030-77144aac27e4 - - - - -] Policy check succeeded for rule 'find_zones' on target {'tenant_id': None} ==> /var/log/designate/designate-pool-manager.log <==
2016-06-16 23:29:26.717 27773 INFO designate.central.rpcapi [req-b124337a-b318-468c-a79b-47cfdc823fd4 - - - - -] get_pool: Calling central's get_pool. ==> /var/log/designate/designate-central.log <==
2016-06-16 23:29:26.724 27622 INFO designate.policy [req-b124337a-b318-468c-a79b-47cfdc823fd4 - - - - -] Policy check succeeded for rule 'get_pool' on target {} ==> /var/log/designate/designate-pool-manager.log <==
2016-06-16 23:29:26.751 27773 ERROR designate.pool_manager.service [req-b124337a-b318-468c-a79b-47cfdc823fd4 - - - - -] No targets for found. ==> /var/log/designate/designate-zone-manager.log <==
2016-06-16 23:29:29.472 27987 INFO designate.policy [req-f4d6a95c-0feb-4f3a-bdee-c053b36e4eae - - - - -] Policy check succeeded for rule 'all_tenants' on target {}
2016-06-16 23:29:29.473 27987 INFO designate.central.rpcapi [req-f4d6a95c-0feb-4f3a-bdee-c053b36e4eae - - - - -] find_zones: Calling central's find_zones. ==> /var/log/designate/designate-central.log <==
2016-06-16 23:29:29.480 27622 INFO designate.policy [req-f4d6a95c-0feb-4f3a-bdee-c053b36e4eae - - - - -] Policy check succeeded for rule 'all_tenants' on target {}
2016-06-16 23:29:29.481 27622 INFO designate.policy [req-f4d6a95c-0feb-4f3a-bdee-c053b36e4eae - - - - -] Policy check succeeded for rule 'find_zones' on target {'tenant_id': None} ==> /var/log/cinder/cinder-api.log <==
2016-06-16 23:29:31.073 3969 INFO cinder.api.openstack.wsgi [req-4687dc3e-9c98-4889-8100-18ee9333a2a4 067a3363c5984f81a7cfa2eda5d1ebf3 d524c8dfd9e9449798ebac9b025f8de6 - - -] GET http://10.0.4.1:8776/v2/d524c8dfd9e9449798ebac9b025f8de6/volumes/6b1dace4-78e1-452b-a455-c0fc882374f3
2016-06-16 23:29:31.317 3969 INFO cinder.volume.api [req-4687dc3e-9c98-4889-8100-18ee9333a2a4 067a3363c5984f81a7cfa2eda5d1ebf3 d524c8dfd9e9449798ebac9b025f8de6 - - -] Volume info retrieved successfully.
2016-06-16 23:29:31.325 3969 INFO cinder.api.openstack.wsgi [req-4687dc3e-9c98-4889-8100-18ee9333a2a4 067a3363c5984f81a7cfa2eda5d1ebf3 d524c8dfd9e9449798ebac9b025f8de6 - - -] http://10.0.4.1:8776/v2/d524c8dfd9e9449798ebac9b025f8de6/volumes/6b1dace4-78e1-452b-a455-c0fc882374f3 returned with HTTP 200
2016-06-16 23:29:31.327 3969 INFO eventlet.wsgi.server [req-4687dc3e-9c98-4889-8100-18ee9333a2a4 067a3363c5984f81a7cfa2eda5d1ebf3 d524c8dfd9e9449798ebac9b025f8de6 - - -] 10.0.4.5 "GET /v2/d524c8dfd9e9449798ebac9b025f8de6/volumes/6b1dace4-78e1-452b-a455-c0fc882374f3 HTTP/1.1" status: 200 len: 1270 time: 0.2581990 ==> /var/log/designate/designate-pool-manager.log <==
2016-06-16 23:29:31.752 27773 INFO designate.central.rpcapi [req-b124337a-b318-468c-a79b-47cfdc823fd4 - - - - -] get_pool: Calling central's get_pool. ==> /var/log/designate/designate-central.log <==
2016-06-16 23:29:31.759 27622 INFO designate.policy [req-b124337a-b318-468c-a79b-47cfdc823fd4 - - - - -] Policy check succeeded for rule 'get_pool' on target {} ==> /var/log/designate/designate-pool-manager.log <==
2016-06-16 23:29:31.788 27773 ERROR designate.pool_manager.service [req-b124337a-b318-468c-a79b-47cfdc823fd4 - - - - -] No targets for found. ==> /var/log/designate/designate-zone-manager.log <==
2016-06-16 23:29:34.475 27987 INFO designate.policy [req-a1dc62bf-4d3b-47e5-990b-ecb0eedeb587 - - - - -] Policy check succeeded for rule 'all_tenants' on target {}
2016-06-16 23:29:34.476 27987 INFO designate.central.rpcapi [req-a1dc62bf-4d3b-47e5-990b-ecb0eedeb587 - - - - -] find_zones: Calling central's find_zones. ==> /var/log/designate/designate-central.log <==
2016-06-16 23:29:34.483 27622 INFO designate.policy [req-a1dc62bf-4d3b-47e5-990b-ecb0eedeb587 - - - - -] Policy check succeeded for rule 'all_tenants' on target {}
2016-06-16 23:29:34.484 27622 INFO designate.policy [req-a1dc62bf-4d3b-47e5-990b-ecb0eedeb587 - - - - -] Policy check succeeded for rule 'find_zones' on target {'tenant_id': None} ==> /var/log/designate/designate-pool-manager.log <==
2016-06-16 23:29:36.789 27773 INFO designate.central.rpcapi [req-b124337a-b318-468c-a79b-47cfdc823fd4 - - - - -] get_pool: Calling central's get_pool. ==> /var/log/designate/designate-central.log <==
2016-06-16 23:29:36.795 27622 INFO designate.policy [req-b124337a-b318-468c-a79b-47cfdc823fd4 - - - - -] Policy check succeeded for rule 'get_pool' on target {} ==> /var/log/designate/designate-pool-manager.log <==
2016-06-16 23:29:36.824 27773 ERROR designate.pool_manager.service [req-b124337a-b318-468c-a79b-47cfdc823fd4 - - - - -] No targets for found. ==> /var/log/neutron/neutron-server.log <==
2016-06-16 23:29:36.952 3920 INFO neutron.wsgi [req-e464cd69-b089-407e-a94d-02906e5d1ace 067a3363c5984f81a7cfa2eda5d1ebf3 d524c8dfd9e9449798ebac9b025f8de6 - - -] 10.0.4.1 - - [16/Jun/2016 23:29:36] "GET /v2.0/ports.json?device_id=5193c2d9-0aaf-4f84-b108-f6884d97b571 HTTP/1.1" 200 211 0.048096 ==> /var/log/nova/nova-api.log <==
2016-06-16 23:29:36.955 3980 INFO nova.osapi_compute.wsgi.server [req-32f3d47a-f766-4fd1-8d4e-1f18594e8592 067a3363c5984f81a7cfa2eda5d1ebf3 d524c8dfd9e9449798ebac9b025f8de6 - - -] 10.0.4.1 "GET /v2/d524c8dfd9e9449798ebac9b025f8de6/servers/5193c2d9-0aaf-4f84-b108-f6884d97b571 HTTP/1.1" status: 200 len: 1592 time: 0.1795270
2016-06-16 23:29:36.990 3980 INFO nova.osapi_compute.wsgi.server [req-111b84b1-a080-4d39-9ab7-5eff6dfd967a 067a3363c5984f81a7cfa2eda5d1ebf3 d524c8dfd9e9449798ebac9b025f8de6 - - -] 10.0.4.1 "GET /v2/d524c8dfd9e9449798ebac9b025f8de6/flavors/9a489b6c-885e-453c-a6f0-35d8067e6108 HTTP/1.1" status: 200 len: 718 time: 0.0285399 ==> /var/log/neutron/neutron-server.log <==
2016-06-16 23:29:37.036 3914 INFO neutron.wsgi [req-8a16daa6-ad0b-4106-bfb7-a0bad73e4925 067a3363c5984f81a7cfa2eda5d1ebf3 d524c8dfd9e9449798ebac9b025f8de6 - - -] 10.0.4.1 - - [16/Jun/2016 23:29:37] "GET /v2.0/ports.json?device_id=5193c2d9-0aaf-4f84-b108-f6884d97b571 HTTP/1.1" 200 211 0.040225
2016-06-16 23:29:37.065 3914 INFO neutron.wsgi [req-60089a78-faa1-4888-8e21-898303ebe1ab 067a3363c5984f81a7cfa2eda5d1ebf3 d524c8dfd9e9449798ebac9b025f8de6 - - -] 10.0.4.1 - - [16/Jun/2016 23:29:37] "GET /v2.0/floatingips.json?tenant_id=d524c8dfd9e9449798ebac9b025f8de6 HTTP/1.1" 200 217 0.023396
2016-06-16 23:29:37.111 3914 INFO neutron.wsgi [req-bbede2bb-d4de-47a3-998a-2c5e0cb970a9 067a3363c5984f81a7cfa2eda5d1ebf3 d524c8dfd9e9449798ebac9b025f8de6 - - -] 10.0.4.1 - - [16/Jun/2016 23:29:37] "GET /v2.0/ports.json?tenant_id=d524c8dfd9e9449798ebac9b025f8de6 HTTP/1.1" 200 1855 0.041533
