2016-06-16 23:29:37.197 3914 INFO neutron.wsgi [req-09dd95cb-d118-4dc4-933e-3c984353c4c0 067a3363c5984f81a7cfa2eda5d1ebf3 d524c8dfd9e9449798ebac9b025f8de6 - - -] 10.0.4.1 - - [16/Jun/2016 23:29:37] "GET /v2.0/networks.json HTTP/1.1" 200 1429 0.080513
2016-06-16 23:29:37.274 3914 INFO neutron.wsgi [req-d9b3171a-820a-46e7-8bfe-3f8e5f4e603e 067a3363c5984f81a7cfa2eda5d1ebf3 d524c8dfd9e9449798ebac9b025f8de6 - - -] 10.0.4.1 - - [16/Jun/2016 23:29:37] "GET /v2.0/subnets.json HTTP/1.1" 200 1362 0.072478
2016-06-16 23:29:37.290 3914 INFO neutron.wsgi [req-3319361f-eaa7-4776-9e2d-214b3e0d490a 067a3363c5984f81a7cfa2eda5d1ebf3 d524c8dfd9e9449798ebac9b025f8de6 - - -] 10.0.4.1 - - [16/Jun/2016 23:29:37] "GET /v2.0/extensions.json HTTP/1.1" 200 5995 0.004639 ==> /var/log/nova/nova-api.log <==
2016-06-16 23:29:37.364 3982 INFO nova.osapi_compute.wsgi.server [req-ad4ffbcc-aef3-417e-a2e6-9461e8b9d88a 067a3363c5984f81a7cfa2eda5d1ebf3 d524c8dfd9e9449798ebac9b025f8de6 - - -] 10.0.4.1 "GET /v2/d524c8dfd9e9449798ebac9b025f8de6/extensions HTTP/1.1" status: 200 len: 21880 time: 0.0647211 ==> /var/log/designate/designate-zone-manager.log <==
2016-06-16 23:29:39.478 27987 INFO designate.policy [req-b8e07f69-c2c6-4701-8eb7-c14f511de766 - - - - -] Policy check succeeded for rule 'all_tenants' on target {}
2016-06-16 23:29:39.479 27987 INFO designate.central.rpcapi [req-b8e07f69-c2c6-4701-8eb7-c14f511de766 - - - - -] find_zones: Calling central's find_zones. ==> /var/log/designate/designate-central.log <==
2016-06-16 23:29:39.485 27622 INFO designate.policy [req-b8e07f69-c2c6-4701-8eb7-c14f511de766 - - - - -] Policy check succeeded for rule 'all_tenants' on target {}
2016-06-16 23:29:39.487 27622 INFO designate.policy [req-b8e07f69-c2c6-4701-8eb7-c14f511de766 - - - - -] Policy check succeeded for rule 'find_zones' on target {'tenant_id': None} ==> /var/log/cinder/cinder-api.log <==
2016-06-16 23:29:41.334 3969 INFO cinder.api.openstack.wsgi [req-d44c827d-eafa-4b94-8310-9188513c3657 067a3363c5984f81a7cfa2eda5d1ebf3 d524c8dfd9e9449798ebac9b025f8de6 - - -] GET http://10.0.4.1:8776/v2/d524c8dfd9e9449798ebac9b025f8de6/volumes/6b1dace4-78e1-452b-a455-c0fc882374f3
2016-06-16 23:29:41.542 3969 INFO cinder.volume.api [req-d44c827d-eafa-4b94-8310-9188513c3657 067a3363c5984f81a7cfa2eda5d1ebf3 d524c8dfd9e9449798ebac9b025f8de6 - - -] Volume info retrieved successfully.
2016-06-16 23:29:41.549 3969 INFO cinder.api.openstack.wsgi [req-d44c827d-eafa-4b94-8310-9188513c3657 067a3363c5984f81a7cfa2eda5d1ebf3 d524c8dfd9e9449798ebac9b025f8de6 - - -] http://10.0.4.1:8776/v2/d524c8dfd9e9449798ebac9b025f8de6/volumes/6b1dace4-78e1-452b-a455-c0fc882374f3 returned with HTTP 200
2016-06-16 23:29:41.551 3969 INFO eventlet.wsgi.server [req-d44c827d-eafa-4b94-8310-9188513c3657 067a3363c5984f81a7cfa2eda5d1ebf3 d524c8dfd9e9449798ebac9b025f8de6 - - -] 10.0.4.5 "GET /v2/d524c8dfd9e9449798ebac9b025f8de6/volumes/6b1dace4-78e1-452b-a455-c0fc882374f3 HTTP/1.1" status: 200 len: 1270 time: 0.2207670 ==> /var/log/designate/designate-pool-manager.log <==
2016-06-16 23:29:41.825 27773 INFO designate.central.rpcapi [req-b124337a-b318-468c-a79b-47cfdc823fd4 - - - - -] get_pool: Calling central's get_pool. ==> /var/log/designate/designate-central.log <==
2016-06-16 23:29:41.832 27622 INFO designate.policy [req-b124337a-b318-468c-a79b-47cfdc823fd4 - - - - -] Policy check succeeded for rule 'get_pool' on target {} ==> /var/log/designate/designate-pool-manager.log <==
2016-06-16 23:29:41.861 27773 ERROR designate.pool_manager.service [req-b124337a-b318-468c-a79b-47cfdc823fd4 - - - - -] No targets for found. ==> /var/log/heat/heat-engine.log <==
2016-06-16 23:29:43.974 3523 INFO heat.engine.service [req-aadec02a-cff1-44ae-9fa2-7fcffdbae9ef - - - - -] Service 740bc7de-86e7-4c97-8377-7ed141be0e8f is updated
2016-06-16 23:29:44.388 3537 INFO heat.engine.service [req-a839e703-8550-49b4-8391-50ab00491b81 - - - - -] Service 5e758177-6fde-4437-92c1-b75cacb0756d is updated ==> /var/log/designate/designate-zone-manager.log <==
2016-06-16 23:29:44.481 27987 INFO designate.policy [req-7c104378-d8be-4ff7-9024-10cf43a80b0f - - - - -] Policy check succeeded for rule 'all_tenants' on target {}
2016-06-16 23:29:44.482 27987 INFO designate.central.rpcapi [req-7c104378-d8be-4ff7-9024-10cf43a80b0f - - - - -] find_zones: Calling central's find_zones. ==> /var/log/designate/designate-central.log <==
2016-06-16 23:29:44.490 27622 INFO designate.policy [req-7c104378-d8be-4ff7-9024-10cf43a80b0f - - - - -] Policy check succeeded for rule 'all_tenants' on target {}
2016-06-16 23:29:44.491 27622 INFO designate.policy [req-7c104378-d8be-4ff7-9024-10cf43a80b0f - - - - -] Policy check succeeded for rule 'find_zones' on target {'tenant_id': None} ==> /var/log/heat/heat-engine.log <==
2016-06-16 23:29:44.803 3522 INFO heat.engine.service [req-45561380-c39a-40fe-82ca-048bb05e267d - - - - -] Service a5d15b05-a809-48e4-96de-435eaaeafedf is updated
2016-06-16 23:29:44.888 3538 INFO heat.engine.service [req-27f8fcf3-4118-4721-b426-5111f4a6556e - - - - -] Service 3367c412-3eeb-4d59-86e9-493a8688ad4e is updated
2016-06-16 23:29:44.967 3539 INFO heat.engine.service [req-43c0a2f0-8991-419a-8e56-a9e1a5fc55cd - - - - -] Service b2d2406f-51d6-4946-a44e-fecf9fbbf338 is updated
2016-06-16 23:29:45.009 3527 INFO heat.engine.service [req-7a456729-c402-4625-bdbc-16714b182b4b - - - - -] Service 3dac9355-9a6e-447e-8d32-c20eb3944b05 is updated ==> /var/log/cinder/cinder-volume.log <==
2016-06-16 23:29:45.010 3952 INFO cinder.image.image_utils [req-1e86feb0-65a3-4b9e-9b3b-17f43e376d04 067a3363c5984f81a7cfa2eda5d1ebf3 d524c8dfd9e9449798ebac9b025f8de6 - - -] Converted 3072.00 MB image at 31.59 MB/s ==> /var/log/heat/heat-engine.log <==
2016-06-16 23:29:45.309 3540 INFO heat.engine.service [req-0137be91-79ec-4e56-b95d-848c8586d075 - - - - -] Service 0783da96-0da8-4816-b1d8-b3582bdaba73 is updated
2016-06-16 23:29:45.358 3520 INFO heat.engine.service [req-6b698d7b-81ca-492c-8f4c-ba8274da5d9b - - - - -] Service 2c7693d2-4a9c-4dbf-b60e-0bdf71a9c94c is updated
2016-06-16 23:29:45.388 3541 INFO heat.engine.service [req-e2648dfa-503a-40ce-89b9-8841bcdd395e - - - - -] Service aab8d364-1140-4f78-a635-d7152a68068b is updated
2016-06-16 23:29:45.388 3531 INFO heat.engine.service [req-5070d6ea-37e0-49c7-ba10-9bc2a61e561c - - - - -] Service fe7681f4-1ae8-40b1-a635-58aecbd64b6c is updated
2016-06-16 23:29:45.490 3536 INFO heat.engine.service [req-f58b069d-33e9-4471-8a35-5612eeaf5df1 - - - - -] Service 5a08d536-caac-42b3-b90a-1b9852522322 is updated
2016-06-16 23:29:45.515 3525 INFO heat.engine.service [req-2984cbfb-2541-47d4-bee2-6f27ddac220f - - - - -] Service f8ce8701-f8d0-4acd-aee1-7e2a8d40aa53 is updated
2016-06-16 23:29:45.539 3533 INFO heat.engine.service [req-6e7f3dd5-9ab4-4524-b71e-9bbba21cf673 - - - - -] Service 322660e3-8589-4a55-826f-d2371480347d is updated
2016-06-16 23:29:45.569 3517 INFO heat.engine.service [req-e5efd1ed-e83b-487a-9972-95ddbf86f212 - - - - -] Service e3ac5d91-44f1-41d1-9bee-6ae23b9c5828 is updated
2016-06-16 23:29:45.594 3535 INFO heat.engine.service [req-b1fb365b-2790-4753-9646-6a300a30b45e - - - - -] Service ee01ac21-da01-48df-8133-1fb44e5d5bd3 is updated
2016-06-16 23:29:45.678 3516 INFO heat.engine.service [req-4fe9764e-3001-4924-8840-292c4192b7a7 - - - - -] Service 0339ebb0-777d-4281-bdb7-2b96fdda71bc is updated ==> /var/log/cinder/cinder-volume.log <==
2016-06-16 23:29:45.798 3952 INFO cinder.volume.flows.manager.create_volume [req-1e86feb0-65a3-4b9e-9b3b-17f43e376d04 067a3363c5984f81a7cfa2eda5d1ebf3 d524c8dfd9e9449798ebac9b025f8de6 - - -] Volume volume-6b1dace4-78e1-452b-a455-c0fc882374f3 (6b1dace4-78e1-452b-a455-c0fc882374f3): created successfully
2016-06-16 23:29:45.805 3952 INFO cinder.volume.manager [req-1e86feb0-65a3-4b9e-9b3b-17f43e376d04 067a3363c5984f81a7cfa2eda5d1ebf3 d524c8dfd9e9449798ebac9b025f8de6 - - -] Created volume successfully. ==> /var/log/designate/designate-pool-manager.log <==
2016-06-16 23:29:46.862 27773 INFO designate.central.rpcapi [req-b124337a-b318-468c-a79b-47cfdc823fd4 - - - - -] get_pool: Calling central's get_pool. ==> /var/log/designate/designate-central.log <==
2016-06-16 23:29:46.869 27622 INFO designate.policy [req-b124337a-b318-468c-a79b-47cfdc823fd4 - - - - -] Policy check succeeded for rule 'get_pool' on target {} ==> /var/log/designate/designate-pool-manager.log <==
2016-06-16 23:29:46.897 27773 ERROR designate.pool_manager.service [req-b124337a-b318-468c-a79b-47cfdc823fd4 - - - - -] No targets for found. ==> /var/log/designate/designate-zone-manager.log <==
2016-06-16 23:29:49.485 27987 INFO designate.policy [req-9eb2c3f8-f10e-4edc-a5ba-8e5ae0bda443 - - - - -] Policy check succeeded for rule 'all_tenants' on target {}
2016-06-16 23:29:49.486 27987 INFO designate.central.rpcapi [req-9eb2c3f8-f10e-4edc-a5ba-8e5ae0bda443 - - - - -] find_zones: Calling central's find_zones. ==> /var/log/designate/designate-central.log <==
2016-06-16 23:29:49.493 27622 INFO designate.policy [req-9eb2c3f8-f10e-4edc-a5ba-8e5ae0bda443 - - - - -] Policy check succeeded for rule 'all_tenants' on target {}
2016-06-16 23:29:49.494 27622 INFO designate.policy [req-9eb2c3f8-f10e-4edc-a5ba-8e5ae0bda443 - - - - -] Policy check succeeded for rule 'find_zones' on target {'tenant_id': None} ==> /var/log/cinder/cinder-api.log <==
2016-06-16 23:29:51.558 3969 INFO cinder.api.openstack.wsgi [req-e72e89e4-d2a6-4557-809d-5aee908226cb 067a3363c5984f81a7cfa2eda5d1ebf3 d524c8dfd9e9449798ebac9b025f8de6 - - -] GET http://10.0.4.1:8776/v2/d524c8dfd9e9449798ebac9b025f8de6/volumes/6b1dace4-78e1-452b-a455-c0fc882374f3 ==> /var/log/designate/designate-pool-manager.log <==
2016-06-16 23:29:51.898 27773 INFO designate.central.rpcapi [req-b124337a-b318-468c-a79b-47cfdc823fd4 - - - - -] get_pool: Calling central's get_pool. ==> /var/log/designate/designate-central.log <==
2016-06-16 23:29:51.905 27622 INFO designate.policy [req-b124337a-b318-468c-a79b-47cfdc823fd4 - - - - -] Policy check succeeded for rule 'get_pool' on target {} ==> /var/log/designate/designate-pool-manager.log <==
2016-06-16 23:29:51.935 27773 ERROR designate.pool_manager.service [req-b124337a-b318-468c-a79b-47cfdc823fd4 - - - - -] No targets for found. ==> /var/log/cinder/cinder-api.log <==
2016-06-16 23:29:51.937 3969 INFO cinder.volume.api [req-e72e89e4-d2a6-4557-809d-5aee908226cb 067a3363c5984f81a7cfa2eda5d1ebf3 d524c8dfd9e9449798ebac9b025f8de6 - - -] Volume info retrieved successfully.
2016-06-16 23:29:51.945 3969 INFO cinder.api.openstack.wsgi [req-e72e89e4-d2a6-4557-809d-5aee908226cb 067a3363c5984f81a7cfa2eda5d1ebf3 d524c8dfd9e9449798ebac9b025f8de6 - - -] http://10.0.4.1:8776/v2/d524c8dfd9e9449798ebac9b025f8de6/volumes/6b1dace4-78e1-452b-a455-c0fc882374f3 returned with HTTP 200
2016-06-16 23:29:51.947 3969 INFO eventlet.wsgi.server [req-e72e89e4-d2a6-4557-809d-5aee908226cb 067a3363c5984f81a7cfa2eda5d1ebf3 d524c8dfd9e9449798ebac9b025f8de6 - - -] 10.0.4.5 "GET /v2/d524c8dfd9e9449798ebac9b025f8de6/volumes/6b1dace4-78e1-452b-a455-c0fc882374f3 HTTP/1.1" status: 200 len: 1583 time: 0.3925760
2016-06-16 23:29:51.954 3969 INFO cinder.api.openstack.wsgi [req-8b632465-d776-49aa-8721-f354795963ef 067a3363c5984f81a7cfa2eda5d1ebf3 d524c8dfd9e9449798ebac9b025f8de6 - - -] GET http://10.0.4.1:8776/v2/d524c8dfd9e9449798ebac9b025f8de6/volumes/6b1dace4-78e1-452b-a455-c0fc882374f3
2016-06-16 23:29:52.182 3969 INFO cinder.volume.api [req-8b632465-d776-49aa-8721-f354795963ef 067a3363c5984f81a7cfa2eda5d1ebf3 d524c8dfd9e9449798ebac9b025f8de6 - - -] Volume info retrieved successfully.
2016-06-16 23:29:52.191 3969 INFO cinder.api.openstack.wsgi [req-8b632465-d776-49aa-8721-f354795963ef 067a3363c5984f81a7cfa2eda5d1ebf3 d524c8dfd9e9449798ebac9b025f8de6 - - -] http://10.0.4.1:8776/v2/d524c8dfd9e9449798ebac9b025f8de6/volumes/6b1dace4-78e1-452b-a455-c0fc882374f3 returned with HTTP 200
2016-06-16 23:29:52.193 3969 INFO eventlet.wsgi.server [req-8b632465-d776-49aa-8721-f354795963ef 067a3363c5984f81a7cfa2eda5d1ebf3 d524c8dfd9e9449798ebac9b025f8de6 - - -] 10.0.4.5 "GET /v2/d524c8dfd9e9449798ebac9b025f8de6/volumes/6b1dace4-78e1-452b-a455-c0fc882374f3 HTTP/1.1" status: 200 len: 1583 time: 0.2431381
2016-06-16 23:29:52.517 3969 INFO cinder.api.openstack.wsgi [req-07ee634f-e1c0-4b1d-af12-a393c8316553 067a3363c5984f81a7cfa2eda5d1ebf3 d524c8dfd9e9449798ebac9b025f8de6 - - -] DELETE http://10.0.4.1:8776/v2/d524c8dfd9e9449798ebac9b025f8de6/volumes/6b1dace4-78e1-452b-a455-c0fc882374f3
2016-06-16 23:29:52.519 3969 INFO cinder.api.v2.volumes [req-07ee634f-e1c0-4b1d-af12-a393c8316553 067a3363c5984f81a7cfa2eda5d1ebf3 d524c8dfd9e9449798ebac9b025f8de6 - - -] Delete volume with id: 6b1dace4-78e1-452b-a455-c0fc882374f3
2016-06-16 23:29:52.601 3969 INFO cinder.volume.api [req-07ee634f-e1c0-4b1d-af12-a393c8316553 067a3363c5984f81a7cfa2eda5d1ebf3 d524c8dfd9e9449798ebac9b025f8de6 - - -] Volume info retrieved successfully.
2016-06-16 23:29:52.640 3969 INFO cinder.volume.api [req-07ee634f-e1c0-4b1d-af12-a393c8316553 067a3363c5984f81a7cfa2eda5d1ebf3 d524c8dfd9e9449798ebac9b025f8de6 - - -] Delete volume request issued successfully.
2016-06-16 23:29:52.641 3969 INFO cinder.api.openstack.wsgi [req-07ee634f-e1c0-4b1d-af12-a393c8316553 067a3363c5984f81a7cfa2eda5d1ebf3 d524c8dfd9e9449798ebac9b025f8de6 - - -] http://10.0.4.1:8776/v2/d524c8dfd9e9449798ebac9b025f8de6/volumes/6b1dace4-78e1-452b-a455-c0fc882374f3 returned with HTTP 202
2016-06-16 23:29:52.643 3969 INFO eventlet.wsgi.server [req-07ee634f-e1c0-4b1d-af12-a393c8316553 067a3363c5984f81a7cfa2eda5d1ebf3 d524c8dfd9e9449798ebac9b025f8de6 - - -] 10.0.4.5 "DELETE /v2/d524c8dfd9e9449798ebac9b025f8de6/volumes/6b1dace4-78e1-452b-a455-c0fc882374f3 HTTP/1.1" status: 202 len: 211 time: 0.1300900 ==> /var/log/cinder/cinder-volume.log <==
2016-06-16 23:29:52.867 3952 INFO cinder.volume.targets.iscsi [req-07ee634f-e1c0-4b1d-af12-a393c8316553 067a3363c5984f81a7cfa2eda5d1ebf3 d524c8dfd9e9449798ebac9b025f8de6 - - -] Skipping remove_export. No iscsi_target is presently exported for volume: 6b1dace4-78e1-452b-a455-c0fc882374f3
2016-06-16 23:29:53.192 3952 INFO cinder.volume.utils [req-07ee634f-e1c0-4b1d-af12-a393c8316553 067a3363c5984f81a7cfa2eda5d1ebf3 d524c8dfd9e9449798ebac9b025f8de6 - - -] Performing secure delete on volume: /dev/mapper/blade_center-volume--6b1dace4--78e1--452b--a455--c0fc882374f3 ==> /var/log/designate/designate-zone-manager.log <==
2016-06-16 23:29:54.489 27987 INFO designate.policy [req-e2c9d52a-cc9b-4156-80d3-73ef425c3404 - - - - -] Policy check succeeded for rule 'all_tenants' on target {}
2016-06-16 23:29:54.490 27987 INFO designate.central.rpcapi [req-e2c9d52a-cc9b-4156-80d3-73ef425c3404 - - - - -] find_zones: Calling central's find_zones. ==> /var/log/designate/designate-central.log <==
2016-06-16 23:29:54.497 27622 INFO designate.policy [req-e2c9d52a-cc9b-4156-80d3-73ef425c3404 - - - - -] Policy check succeeded for rule 'all_tenants' on target {}
2016-06-16 23:29:54.498 27622 INFO designate.policy [req-e2c9d52a-cc9b-4156-80d3-73ef425c3404 - - - - -] Policy check succeeded for rule 'find_zones' on target {'tenant_id': None} ==> /var/log/designate/designate-pool-manager.log <==
2016-06-16 23:29:56.936 27773 INFO designate.central.rpcapi [req-b124337a-b318-468c-a79b-47cfdc823fd4 - - - - -] get_pool: Calling central's get_pool. ==> /var/log/designate/designate-central.log <==
2016-06-16 23:29:56.943 27622 INFO designate.policy [req-b124337a-b318-468c-a79b-47cfdc823fd4 - - - - -] Policy check succeeded for rule 'get_pool' on target {} ==> /var/log/designate/designate-pool-manager.log <==
2016-06-16 23:29:56.972 27773 ERROR designate.pool_manager.service [req-b124337a-b318-468c-a79b-47cfdc823fd4 - - - - -] No targets for found. ==> /var/log/designate/designate-zone-manager.log <==
2016-06-16 23:29:59.493 27987 INFO designate.policy [req-7a27cbfb-7e89-45b1-9d87-7593015b09ce - - - - -] Policy check succeeded for rule 'all_tenants' on target {}
2016-06-16 23:29:59.494 27987 INFO designate.central.rpcapi [req-7a27cbfb-7e89-45b1-9d87-7593015b09ce - - - - -] find_zones: Calling central's find_zones. ==> /var/log/designate/designate-central.log <==
2016-06-16 23:29:59.502 27622 INFO designate.policy [req-7a27cbfb-7e89-45b1-9d87-7593015b09ce - - - - -] Policy check succeeded for rule 'all_tenants' on target {}
2016-06-16 23:29:59.503 27622 INFO designate.policy [req-7a27cbfb-7e89-45b1-9d87-7593015b09ce - - - - -] Policy check succeeded for rule 'find_zones' on target {'tenant_id': None} ==> /var/log/neutron/neutron-server.log <==
2016-06-16 23:30:00.396 3925 INFO neutron.wsgi [req-0cc6e6de-ea30-46f0-ad8c-3021c029e526 067a3363c5984f81a7cfa2eda5d1ebf3 d524c8dfd9e9449798ebac9b025f8de6 - - -] 10.0.4.1 - - [16/Jun/2016 23:30:00] "GET /v2.0/ports.json?device_id=5193c2d9-0aaf-4f84-b108-f6884d97b571 HTTP/1.1" 200 211 0.044650 ==> /var/log/nova/nova-api.log <==
2016-06-16 23:30:00.398 3986 INFO nova.osapi_compute.wsgi.server [req-a9197bb8-ba8f-466e-b3e5-fe926982c173 067a3363c5984f81a7cfa2eda5d1ebf3 d524c8dfd9e9449798ebac9b025f8de6 - - -] 10.0.4.1 "GET /v2/d524c8dfd9e9449798ebac9b025f8de6/servers/5193c2d9-0aaf-4f84-b108-f6884d97b571 HTTP/1.1" status: 200 len: 2631 time: 0.3264060
2016-06-16 23:30:00.433 3989 INFO nova.osapi_compute.wsgi.server [req-c5e843de-be8c-45be-bf38-735a90f01f92 067a3363c5984f81a7cfa2eda5d1ebf3 d524c8dfd9e9449798ebac9b025f8de6 - - -] 10.0.4.1 "GET /v2/d524c8dfd9e9449798ebac9b025f8de6/flavors/9a489b6c-885e-453c-a6f0-35d8067e6108 HTTP/1.1" status: 200 len: 718 time: 0.0277529 ==> /var/log/neutron/neutron-server.log <==
2016-06-16 23:30:00.480 3928 INFO neutron.wsgi [req-d1b89e62-3146-4eda-a0fe-dd21bfb8ce84 067a3363c5984f81a7cfa2eda5d1ebf3 d524c8dfd9e9449798ebac9b025f8de6 - - -] 10.0.4.1 - - [16/Jun/2016 23:30:00] "GET /v2.0/ports.json?device_id=5193c2d9-0aaf-4f84-b108-f6884d97b571 HTTP/1.1" 200 211 0.040975
2016-06-16 23:30:00.507 3917 INFO neutron.wsgi [req-b9ac41d3-ede8-45c7-b111-ead4a940b4c4 067a3363c5984f81a7cfa2eda5d1ebf3 d524c8dfd9e9449798ebac9b025f8de6 - - -] 10.0.4.1 - - [16/Jun/2016 23:30:00] "GET /v2.0/floatingips.json?tenant_id=d524c8dfd9e9449798ebac9b025f8de6 HTTP/1.1" 200 217 0.022260
2016-06-16 23:30:00.555 3928 INFO neutron.wsgi [req-4d2bbc88-31d2-4ed3-b543-1c25acbc80b4 067a3363c5984f81a7cfa2eda5d1ebf3 d524c8dfd9e9449798ebac9b025f8de6 - - -] 10.0.4.1 - - [16/Jun/2016 23:30:00] "GET /v2.0/ports.json?tenant_id=d524c8dfd9e9449798ebac9b025f8de6 HTTP/1.1" 200 1855 0.043874
2016-06-16 23:30:00.641 3915 INFO neutron.wsgi [req-a03bfa7b-819d-499b-9801-049e60e06cbb 067a3363c5984f81a7cfa2eda5d1ebf3 d524c8dfd9e9449798ebac9b025f8de6 - - -] 10.0.4.1 - - [16/Jun/2016 23:30:00] "GET /v2.0/networks.json HTTP/1.1" 200 1429 0.081098
2016-06-16 23:30:00.719 3920 INFO neutron.wsgi [req-49b3b7a6-9431-4566-9c56-f15348d02906 067a3363c5984f81a7cfa2eda5d1ebf3 d524c8dfd9e9449798ebac9b025f8de6 - - -] 10.0.4.1 - - [16/Jun/2016 23:30:00] "GET /v2.0/subnets.json HTTP/1.1" 200 1362 0.072515
2016-06-16 23:30:00.735 3927 INFO neutron.wsgi [req-fdb4cf96-f383-4c90-a6e8-636ae126a5fb 067a3363c5984f81a7cfa2eda5d1ebf3 d524c8dfd9e9449798ebac9b025f8de6 - - -] 10.0.4.1 - - [16/Jun/2016 23:30:00] "GET /v2.0/extensions.json HTTP/1.1" 200 5995 0.004689 ==> /var/log/nova/nova-api.log <==
2016-06-16 23:30:00.808 3977 INFO nova.osapi_compute.wsgi.server [req-88f7ee88-a8de-4e9a-a55b-e80d74eb7f56 067a3363c5984f81a7cfa2eda5d1ebf3 d524c8dfd9e9449798ebac9b025f8de6 - - -] 10.0.4.1 "GET /v2/d524c8dfd9e9449798ebac9b025f8de6/extensions HTTP/1.1" status: 200 len: 21880 time: 0.0644770 ==> /var/log/designate/designate-pool-manager.log <==
2016-06-16 23:30:01.974 27773 INFO designate.central.rpcapi [req-b124337a-b318-468c-a79b-47cfdc823fd4 - - - - -] get_pool: Calling central's get_pool. ==> /var/log/designate/designate-central.log <==
2016-06-16 23:30:01.981 27622 INFO designate.policy [req-b124337a-b318-468c-a79b-47cfdc823fd4 - - - - -] Policy check succeeded for rule 'get_pool' on target {} ==> /var/log/designate/designate-pool-manager.log <==
2016-06-16 23:30:02.011 27773 ERROR designate.pool_manager.service [req-b124337a-b318-468c-a79b-47cfdc823fd4 - - - - -] No targets for found. ==> /var/log/designate/designate-zone-manager.log <==
2016-06-16 23:30:04.497 27987 INFO designate.policy [req-b69b7db9-6980-4e2b-bdfd-72c126baf815 - - - - -] Policy check succeeded for rule 'all_tenants' on target {}
2016-06-16 23:30:04.498 27987 INFO designate.central.rpcapi [req-b69b7db9-6980-4e2b-bdfd-72c126baf815 - - - - -] find_zones: Calling central's find_zones. ==> /var/log/designate/designate-central.log <==
2016-06-16 23:30:04.505 27622 INFO designate.policy [req-b69b7db9-6980-4e2b-bdfd-72c126baf815 - - - - -] Policy check succeeded for rule 'all_tenants' on target {}
2016-06-16 23:30:04.506 27622 INFO designate.policy [req-b69b7db9-6980-4e2b-bdfd-72c126baf815 - - - - -] Policy check succeeded for rule 'find_zones' on target {'tenant_id': None} ==> /var/log/designate/designate-pool-manager.log <==
2016-06-16 23:30:07.012 27773 INFO designate.central.rpcapi [req-b124337a-b318-468c-a79b-47cfdc823fd4 - - - - -] get_pool: Calling central's get_pool. ==> /var/log/designate/designate-central.log <==
2016-06-16 23:30:07.019 27622 INFO designate.policy [req-b124337a-b318-468c-a79b-47cfdc823fd4 - - - - -] Policy check succeeded for rule 'get_pool' on target {} ==> /var/log/designate/designate-pool-manager.log <==
2016-06-16 23:30:07.046 27773 ERROR designate.pool_manager.service [req-b124337a-b318-468c-a79b-47cfdc823fd4 - - - - -] No targets for found.